{"id":1375,"date":"2024-05-27T12:00:25","date_gmt":"2024-05-27T10:00:25","guid":{"rendered":"https:\/\/sanas-legal.de\/member\/dr-temel-nal\/"},"modified":"2026-02-28T12:26:30","modified_gmt":"2026-02-28T11:26:30","slug":"dr-temel-nal","status":"publish","type":"member","link":"https:\/\/sanas-legal.de\/en\/member\/dr-temel-nal\/","title":{"rendered":"Dr. Temel Nal"},"content":{"rendered":"<div class=\"wpb-content-wrapper\"><p>[vc_row css=&#8221;.vc_custom_1608603959337{margin-top: 45px !important;margin-bottom: 30px !important;}&#8221;][vc_column animation_delay=&#8221;200&#8243; offset=&#8221;vc_col-md-4&#8243; el_class=&#8221;pb-4 pb-lg-0 contact-info&#8221; animation_type=&#8221;fadeInUp&#8221;]<div class=\"porto-ultimate-content-box-container custom-box-shadow pb-5 mb-5\"><style>.porto_ucb_21b6bf01188be9ba0119a2cb5c097588{will-change: box-shadow;box-shadow: none;}.porto_ucb_21b6bf01188be9ba0119a2cb5c097588:hover{box-shadow:none}<\/style><div class=\"porto-ultimate-content-box porto_ucb_21b6bf01188be9ba0119a2cb5c097588\" style=\"\">[vc_single_image image=&#8221;1381&#8243; img_size=&#8221;full&#8221; alignment=&#8221;center&#8221; css=&#8221;.vc_custom_1715068055682{background-color: #f4f4f4 !important;}&#8221; el_class=&#8221;mb-5&#8243;][vc_custom_heading text=&#8221;Dr. Temel Nal&#8221; font_container=&#8221;tag:h3|font_size:1.5em|text_align:center|line_height:1&#8243; use_theme_fonts=&#8221;yes&#8221; text_transform=&#8221;text-capitalize&#8221; font_weight=&#8221;600&#8243; letter_spacing=&#8221;-0.05em&#8221; el_class=&#8221;px-4 mb-1&#8243;][vc_custom_heading text=&#8221;Attorney-at-law, Lecturer at Ludwig Maximilian University&#8221; font_container=&#8221;tag:p|text_align:center|color:%23969696&#8243; use_theme_fonts=&#8221;yes&#8221; text_transform=&#8221;text-uppercase&#8221; letter_spacing=&#8221;2.5px&#8221; el_class=&#8221;px-4 mb-3&#8243;]<\/div><\/div>[vc_separator color=&#8221;custom&#8221; style=&#8221;solid&#8221; el_class=&#8221;mb-4&#8243;][\/vc_column][vc_column animation_delay=&#8221;400&#8243; offset=&#8221;vc_col-md-8&#8243; animation_type=&#8221;fadeInUp&#8221;][vc_custom_heading text=&#8221;Areas of Practice&#8221; font_container=&#8221;tag:h2|font_size:1.65em|text_align:left|line_height:24px&#8221; use_theme_fonts=&#8221;yes&#8221; font_weight=&#8221;700&#8243; letter_spacing=&#8221;-0.05em&#8221; el_class=&#8221;mb-2 font-style-normal&#8221;][vc_column_text css=&#8221;&#8221;]<\/p>\n<ul class=\"custom_list bullet_6\">\n<li>Immigration law (e.g., residence and work permits for skilled professionals, managing directors, shareholders, family reunification \/ visa matters)<\/li>\n<li>Nationality law<\/li>\n<li>German and Turkish copyright law<\/li>\n<li>Trademark law and unfair competition law<\/li>\n<\/ul>\n<p>[\/vc_column_text][vc_custom_heading text=&#8221;Memberships&#8221; font_container=&#8221;tag:h2|font_size:1.65em|text_align:left|line_height:24px&#8221; use_theme_fonts=&#8221;yes&#8221; font_weight=&#8221;700&#8243; letter_spacing=&#8221;-0.05em&#8221; el_class=&#8221;mb-2 font-style-normal&#8221;][vc_column_text]Munich Bar Association, German Bar Association, Munich Lawyers&#8217; Association, German-Turkish Lawyers&#8217; Association[\/vc_column_text][vc_custom_heading text=&#8221;CV \/ Information&#8221; font_container=&#8221;tag:h2|font_size:1.65em|text_align:left|line_height:24px&#8221; use_theme_fonts=&#8221;yes&#8221; font_weight=&#8221;700&#8243; letter_spacing=&#8221;-0.05em&#8221; el_class=&#8221;mb-2 font-style-normal&#8221;][vc_column_text css=&#8221;&#8221;]Attorney-at-law Dr. Temel Nal is a founding partner of the law firm SANAS Rechtsanw\u00e4lte.<\/p>\n<p>He was born in Munich.<\/p>\n<p>After obtaining his university entrance qualification in Munich in 1988 and completing one year of philosophy studies at Ludwig Maximilian University, Dr. Nal began studying law at LMU Munich in 1989, which he completed in 1994 with distinction.<\/p>\n<p>He completed his legal traineeship in the Munich Higher Regional Court district, passing the second state examination in 1996 with the Bavarian distinction grade.<\/p>\n<p>Alongside his work as an Assessor at the business law firm Wessing, Berenberg-Gossler, he worked from December 1996 as a research associate at the Max Planck Institute for Foreign and International Patent, Copyright and Competition Law in Munich and earned his doctorate (Dr. jur.) at Ludwig Maximilian University in Munich at the end of 1999 on the topic \u201cProblems of Turkish Copyright Law from the Perspective of German and European Law,\u201d published by C.H. Beck.<\/p>\n<p>Attorney-at-law Dr. Temel Nal was a founding partner of the law firm Demirci &amp; Dr. Nal from 01\/01\/2000 to 01\/31\/2008.<\/p>\n<p>At our firm, Dr. Nal primarily advises in the areas of immigration law, German and Turkish copyright law, trademark law, and unfair competition law.<\/p>\n<p>In particular, expert opinions are also prepared in the areas of Turkish copyright law, Turkish trademark law, and Turkish unfair competition law.<\/p>\n<p>Dr. Nal also gives lectures and publishes in the fields of immigration law and copyright law, including as co-author of the textbook \u201cFikri M\u00fclkiyet Hukukunun Esaslar\u0131\u201d (in German: Fundamentals of Intellectual Property), which was published in a second edition in 2009.<\/p>\n<p>Attorney-at-law Dr. Temel Nal also served as a lecturer at Ludwig Maximilian University from 2010 to the winter semester 2023\/2024 in the course \u201cIntroduction to Turkish Legal Terminology.\u201d<\/p>\n<p>Attorney-at-law Dr. Temel Nal corresponds in German, Turkish, and English.<\/p>\n<p>In addition to law, Dr. Temel Nal is interested in photography, music, art, and Latin American dance.[\/vc_column_text][vc_custom_heading text=&#8221;Publications&#8221; font_container=&#8221;tag:h2|font_size:1.65em|text_align:left|line_height:24px&#8221; use_theme_fonts=&#8221;yes&#8221; font_weight=&#8221;700&#8243; letter_spacing=&#8221;-0.05em&#8221; el_class=&#8221;mb-2 font-style-normal&#8221;][vc_column_text css=&#8221;&#8221;]Problems of Turkish Copyright Law from the Perspective of German and European Law, C. H. Beck, Munich 2000<\/p>\n<ul class=\"custom_list bullet_6\">\n<li>The Theory of Control over the Work and Turkish Copyright Law \u2013 Fundamentals and Current State of Development, GRUR Int. 2000, pp. 1\u201342 <\/li>\n<li>Developments in Turkish Copyright Law, IIC 2001, pp. 795\u2013824<\/li>\n<li>Sources of Copyright Law, Country Report Turkey, with introduction, translated statutory texts, overview of international treaties, overview of collecting societies, Luchterhand, 55th installment November 2004<\/li>\n<li>P\u0131nar, Hamdi\/Nal, Temel\/Goldmann, Bettina: M\u00fczik Eserleri \u00dczerindeki Telif Haklar\u0131 ve Uluslararas\u0131 Uygulamalar (Copyright in Musical Works and International Practice), Istanbul Chamber of Commerce, Publication No. 2007-12<\/li>\n<li>Prof. Sami Karahan\/Assoc. Prof. Tahir Sara\u00e7\/Av.Dr. Cahit Suluk\/Av.Dr. Temel Nal: Fikri M\u00fclkiyetin Esaslar\u0131 (Fundamentals of Intellectual Property), Se\u00e7kin Publishing, Ankara 2007 <\/li>\n<li>Copyright Throughout the World, Chapter 39: TURKEY, Thomson\/West 2008<\/li>\n<li>Nal, Temel\/Memi\u015f, Tekin\/Suluk, Cahit: Telif Hukukunda Yay\u0131n S\u00f6zle\u015fmesi \u00d6rnekleri (Sample publishing agreements in copyright law), Istanbul Chamber of Commerce Publication, Istanbul 2009<\/li>\n<li>Prof. Dr. Rauf KARASU\/Assoc. Prof. Dr. Cahit Suluk\/Attorney-at-law Dr. Temel Nal: Fikri M\u00fclkiyet Hukuku (Intellectual Property Law), Se\u00e7kin Publishing, 7th edition, Ankara 2023 <\/li>\n<\/ul>\n<p>[\/vc_column_text][vc_row_inner][vc_column_inner width=&#8221;1\/4&#8243;][vc_single_image image=&#8221;1377&#8243; img_size=&#8221;150&#215;220&#8243; style=&#8221;vc_box_rounded&#8221; onclick=&#8221;link_image&#8221;][\/vc_column_inner][vc_column_inner width=&#8221;1\/4&#8243;][vc_single_image image=&#8221;1378&#8243; img_size=&#8221;150&#215;220&#8243; style=&#8221;vc_box_rounded&#8221; onclick=&#8221;link_image&#8221;][\/vc_column_inner][vc_column_inner width=&#8221;1\/4&#8243;][vc_single_image image=&#8221;1379&#8243; img_size=&#8221;150&#215;220&#8243; style=&#8221;vc_box_rounded&#8221; onclick=&#8221;link_image&#8221;][\/vc_column_inner][vc_column_inner width=&#8221;1\/4&#8243;][\/vc_column_inner][\/vc_row_inner][vc_empty_space height=&#8221;17&#8243;][vc_custom_heading text=&#8221;Contact me&#8221; font_container=&#8221;tag:h2|font_size:1.65em|text_align:left|line_height:24px&#8221; use_theme_fonts=&#8221;yes&#8221; font_weight=&#8221;700&#8243; letter_spacing=&#8221;-0.05em&#8221; el_class=&#8221;mb-2 font-style-normal&#8221;][vc_empty_space height=&#8221;17&#8243;][vc_row_inner][vc_column_inner]<a aria-label=\"Phone\" class=\"porto-sicon-box-link\" href=\"#\"><div class=\"porto-sicon-box  wpb_custom_860683fe6d5975d7b2cff563f7366f5c style_1 default-icon\"><div class=\"porto-sicon-default\"><div class=\"porto-just-icon-wrapper porto-icon none\" style=\"color:#1f4c3b;font-size:31px;\"><i class=\"Simple-Line-Icons-phone\"><\/i><\/div><\/div><div class=\"porto-sicon-header\"><h4 class=\"porto-sicon-title\" style=\"font-weight:700;font-size:1em;color:#212529;line-height:1;\">Phone<\/h4><p style=\"line-height:1.6;color:#777777;\">089 \/ 189 313 40<\/p><\/div> <!-- header --><\/div><!-- porto-sicon-box --><\/a><a aria-label=\"Email address\" class=\"porto-sicon-box-link\" href=\"#\"><div class=\"porto-sicon-box py-2 my-4  wpb_custom_860683fe6d5975d7b2cff563f7366f5c style_1 default-icon\"><div class=\"porto-sicon-default\"><div class=\"porto-just-icon-wrapper porto-icon none\" style=\"color:#1f4c3b;font-size:32px;\"><i class=\"Simple-Line-Icons-envelope\"><\/i><\/div><\/div><div class=\"porto-sicon-header\"><h4 class=\"porto-sicon-title\" style=\"font-weight:700;font-size:1em;color:#212529;line-height:1;\">Email address<\/h4><p style=\"line-height:1.6;color:#777777;\">nal@sanas-legal.de<\/p><\/div> <!-- header --><\/div><!-- porto-sicon-box --><\/a><div class=\"porto-sicon-box  wpb_custom_860683fe6d5975d7b2cff563f7366f5c style_1 default-icon\"><div class=\"porto-sicon-default\"><div class=\"porto-just-icon-wrapper porto-icon none\" style=\"color:#1f4c3b;font-size:31px;\"><i class=\"Simple-Line-Icons-calendar\"><\/i><\/div><\/div><div class=\"porto-sicon-header\"><h4 class=\"porto-sicon-title\" style=\"font-weight:700;font-size:1em;color:#212529;line-height:1;\">Consultation hours<\/h4><p style=\"line-height:1.6;color:#777777;\">Mon\u2013Fri: 9:00 AM to 6:00 PM<\/p><\/div> <!-- header --><\/div><!-- porto-sicon-box -->[\/vc_column_inner][\/vc_row_inner]<div class=\"porto-u-icons mb-4\"><a class=\"porto-icon fab fa-facebook-f advanced\"  style=\"color:#333333;border-style:solid;border-color:#e7e7e7;border-width:1px;width:46px;height:46px;line-height:46px;border-radius:24px;font-size:15px;\" href=\"#\"><\/a><a class=\"porto-icon fab fa-twitter advanced\"  style=\"color:#333333;border-style:solid;border-color:#e7e7e7;border-width:1px;width:46px;height:46px;line-height:46px;border-radius:24px;font-size:15px;margin-right:2px;\" href=\"#\"><\/a><a class=\"porto-icon fab fa-linkedin-in advanced\"  style=\"color:#333333;border-style:solid;border-color:#e7e7e7;border-width:1px;width:46px;height:46px;line-height:46px;border-radius:24px;font-size:15px;margin-right:2px;\" href=\"#\"><\/a><\/div>[\/vc_column][\/vc_row]<\/p>\n<\/div>","protected":false},"featured_media":0,"menu_order":1,"template":"","member_cat":[67,66],"class_list":["post-1375","member","type-member","status-publish","hentry","member_cat-partner","member_cat-trusted-attorneys-of-the-turkish-consulate-general-in-munich"],"acf":[],"_links":{"self":[{"href":"https:\/\/sanas-legal.de\/en\/wp-json\/wp\/v2\/member\/1375","targetHints":{"allow":["GET"]}}],"collection":[{"href":"https:\/\/sanas-legal.de\/en\/wp-json\/wp\/v2\/member"}],"about":[{"href":"https:\/\/sanas-legal.de\/en\/wp-json\/wp\/v2\/types\/member"}],"wp:attachment":[{"href":"https:\/\/sanas-legal.de\/en\/wp-json\/wp\/v2\/media?parent=1375"}],"wp:term":[{"taxonomy":"member_cat","embeddable":true,"href":"https:\/\/sanas-legal.de\/en\/wp-json\/wp\/v2\/member_cat?post=1375"}],"curies":[{"name":"wp","href":"https:\/\/api.w.org\/{rel}","templated":true}]}}

<div class="wpb-content-wrapper"><p>[vc_row css=&#8221;.vc_custom_1608603959337{margin-top: 45px !important;margin-bottom: 30px !important;}&#8221;][vc_column animation_delay=&#8221;200&#8243; offset=&#8221;vc_col-md-4&#8243; el_class=&#8221;pb-4 pb-lg-0 contact-info&#8221; animation_type=&#8221;fadeInUp&#8221;]<div class="porto-ultimate-content-box-container custom-box-shadow pb-5 mb-5"><style>.porto_ucb_21b6bf01188be9ba0119a2cb5c097588{will-change: box-shadow;box-shadow: none;}.porto_ucb_21b6bf01188be9ba0119a2cb5c097588:hover{box-shadow:none}</style><div class="porto-ultimate-content-box porto_ucb_21b6bf01188be9ba0119a2cb5c097588" style="">[vc_single_image image=&#8221;1381&#8243; img_size=&#8221;full&#8221; alignment=&#8221;center&#8221; css=&#8221;.vc_custom_1715068055682{background-color: #f4f4f4 !important;}&#8221; el_class=&#8221;mb-5&#8243;][vc_custom_heading text=&#8221;Dr. Temel Nal&#8221; font_container=&#8221;tag:h3|font_size:1.5em|text_align:center|line_height:1&#8243; use_theme_fonts=&#8221;yes&#8221; text_transform=&#8221;text-capitalize&#8221; font_weight=&#8221;600&#8243; letter_spacing=&#8221;-0.05em&#8221; el_class=&#8221;px-4 mb-1&#8243;][vc_custom_heading text=&#8221;Attorney-at-law, Lecturer at Ludwig Maximilian University&#8221; font_container=&#8221;tag:p|text_align:center|color:%23969696&#8243; use_theme_fonts=&#8221;yes&#8221; text_transform=&#8221;text-uppercase&#8221; letter_spacing=&#8221;2.5px&#8221; el_class=&#8221;px-4 mb-3&#8243;]</div></div>[vc_separator color=&#8221;custom&#8221; style=&#8221;solid&#8221; el_class=&#8221;mb-4&#8243;][/vc_column][vc_column animation_delay=&#8221;400&#8243; offset=&#8221;vc_col-md-8&#8243; animation_type=&#8221;fadeInUp&#8221;][vc_custom_heading text=&#8221;Areas of Practice&#8221; font_container=&#8221;tag:h2|font_size:1.65em|text_align:left|line_height:24px&#8221; use_theme_fonts=&#8221;yes&#8221; font_weight=&#8221;700&#8243; letter_spacing=&#8221;-0.05em&#8221; el_class=&#8221;mb-2 font-style-normal&#8221;][vc_column_text css=&#8221;&#8221;]</p>
<ul class="custom_list bullet_6">
<li>Immigration law (e.g., residence and work permits for skilled professionals, managing directors, shareholders, family reunification / visa matters)</li>
<li>Nationality law</li>
<li>German and Turkish copyright law</li>
<li>Trademark law and unfair competition law</li>
</ul>
<p>[/vc_column_text][vc_custom_heading text=&#8221;Memberships&#8221; font_container=&#8221;tag:h2|font_size:1.65em|text_align:left|line_height:24px&#8221; use_theme_fonts=&#8221;yes&#8221; font_weight=&#8221;700&#8243; letter_spacing=&#8221;-0.05em&#8221; el_class=&#8221;mb-2 font-style-normal&#8221;][vc_column_text]Munich Bar Association, German Bar Association, Munich Lawyers&#8217; Association, German-Turkish Lawyers&#8217; Association[/vc_column_text][vc_custom_heading text=&#8221;CV / Information&#8221; font_container=&#8221;tag:h2|font_size:1.65em|text_align:left|line_height:24px&#8221; use_theme_fonts=&#8221;yes&#8221; font_weight=&#8221;700&#8243; letter_spacing=&#8221;-0.05em&#8221; el_class=&#8221;mb-2 font-style-normal&#8221;][vc_column_text css=&#8221;&#8221;]Attorney-at-law Dr. Temel Nal is a founding partner of the law firm SANAS Rechtsanwälte.</p>
<p>He was born in Munich.</p>
<p>After obtaining his university entrance qualification in Munich in 1988 and completing one year of philosophy studies at Ludwig Maximilian University, Dr. Nal began studying law at LMU Munich in 1989, which he completed in 1994 with distinction.</p>
<p>He completed his legal traineeship in the Munich Higher Regional Court district, passing the second state examination in 1996 with the Bavarian distinction grade.</p>
<p>Alongside his work as an Assessor at the business law firm Wessing, Berenberg-Gossler, he worked from December 1996 as a research associate at the Max Planck Institute for Foreign and International Patent, Copyright and Competition Law in Munich and earned his doctorate (Dr. jur.) at Ludwig Maximilian University in Munich at the end of 1999 on the topic “Problems of Turkish Copyright Law from the Perspective of German and European Law,” published by C.H. Beck.</p>
<p>Attorney-at-law Dr. Temel Nal was a founding partner of the law firm Demirci &amp; Dr. Nal from 01/01/2000 to 01/31/2008.</p>
<p>At our firm, Dr. Nal primarily advises in the areas of immigration law, German and Turkish copyright law, trademark law, and unfair competition law.</p>
<p>In particular, expert opinions are also prepared in the areas of Turkish copyright law, Turkish trademark law, and Turkish unfair competition law.</p>
<p>Dr. Nal also gives lectures and publishes in the fields of immigration law and copyright law, including as co-author of the textbook “Fikri Mülkiyet Hukukunun Esasları” (in German: Fundamentals of Intellectual Property), which was published in a second edition in 2009.</p>
<p>Attorney-at-law Dr. Temel Nal also served as a lecturer at Ludwig Maximilian University from 2010 to the winter semester 2023/2024 in the course “Introduction to Turkish Legal Terminology.”</p>
<p>Attorney-at-law Dr. Temel Nal corresponds in German, Turkish, and English.</p>
<p>In addition to law, Dr. Temel Nal is interested in photography, music, art, and Latin American dance.[/vc_column_text][vc_custom_heading text=&#8221;Publications&#8221; font_container=&#8221;tag:h2|font_size:1.65em|text_align:left|line_height:24px&#8221; use_theme_fonts=&#8221;yes&#8221; font_weight=&#8221;700&#8243; letter_spacing=&#8221;-0.05em&#8221; el_class=&#8221;mb-2 font-style-normal&#8221;][vc_column_text css=&#8221;&#8221;]Problems of Turkish Copyright Law from the Perspective of German and European Law, C. H. Beck, Munich 2000</p>
<ul class="custom_list bullet_6">
<li>The Theory of Control over the Work and Turkish Copyright Law – Fundamentals and Current State of Development, GRUR Int. 2000, pp. 1–42 </li>
<li>Developments in Turkish Copyright Law, IIC 2001, pp. 795–824</li>
<li>Sources of Copyright Law, Country Report Turkey, with introduction, translated statutory texts, overview of international treaties, overview of collecting societies, Luchterhand, 55th installment November 2004</li>
<li>Pınar, Hamdi/Nal, Temel/Goldmann, Bettina: Müzik Eserleri Üzerindeki Telif Hakları ve Uluslararası Uygulamalar (Copyright in Musical Works and International Practice), Istanbul Chamber of Commerce, Publication No. 2007-12</li>
<li>Prof. Sami Karahan/Assoc. Prof. Tahir Saraç/Av.Dr. Cahit Suluk/Av.Dr. Temel Nal: Fikri Mülkiyetin Esasları (Fundamentals of Intellectual Property), Seçkin Publishing, Ankara 2007 </li>
<li>Copyright Throughout the World, Chapter 39: TURKEY, Thomson/West 2008</li>
<li>Nal, Temel/Memiş, Tekin/Suluk, Cahit: Telif Hukukunda Yayın Sözleşmesi Örnekleri (Sample publishing agreements in copyright law), Istanbul Chamber of Commerce Publication, Istanbul 2009</li>
<li>Prof. Dr. Rauf KARASU/Assoc. Prof. Dr. Cahit Suluk/Attorney-at-law Dr. Temel Nal: Fikri Mülkiyet Hukuku (Intellectual Property Law), Seçkin Publishing, 7th edition, Ankara 2023 </li>
</ul>
<p>[/vc_column_text][vc_row_inner][vc_column_inner width=&#8221;1/4&#8243;][vc_single_image image=&#8221;1377&#8243; img_size=&#8221;150&#215;220&#8243; style=&#8221;vc_box_rounded&#8221; onclick=&#8221;link_image&#8221;][/vc_column_inner][vc_column_inner width=&#8221;1/4&#8243;][vc_single_image image=&#8221;1378&#8243; img_size=&#8221;150&#215;220&#8243; style=&#8221;vc_box_rounded&#8221; onclick=&#8221;link_image&#8221;][/vc_column_inner][vc_column_inner width=&#8221;1/4&#8243;][vc_single_image image=&#8221;1379&#8243; img_size=&#8221;150&#215;220&#8243; style=&#8221;vc_box_rounded&#8221; onclick=&#8221;link_image&#8221;][/vc_column_inner][vc_column_inner width=&#8221;1/4&#8243;][/vc_column_inner][/vc_row_inner][vc_empty_space height=&#8221;17&#8243;][vc_custom_heading text=&#8221;Contact me&#8221; font_container=&#8221;tag:h2|font_size:1.65em|text_align:left|line_height:24px&#8221; use_theme_fonts=&#8221;yes&#8221; font_weight=&#8221;700&#8243; letter_spacing=&#8221;-0.05em&#8221; el_class=&#8221;mb-2 font-style-normal&#8221;][vc_empty_space height=&#8221;17&#8243;][vc_row_inner][vc_column_inner]<a aria-label="Phone" class="porto-sicon-box-link" href="#"><div class="porto-sicon-box  wpb_custom_860683fe6d5975d7b2cff563f7366f5c style_1 default-icon"><div class="porto-sicon-default"><div class="porto-just-icon-wrapper porto-icon none" style="color:#1f4c3b;font-size:31px;"><i class="Simple-Line-Icons-phone"></i></div></div><div class="porto-sicon-header"><h4 class="porto-sicon-title" style="font-weight:700;font-size:1em;color:#212529;line-height:1;">Phone</h4><p style="line-height:1.6;color:#777777;">089 / 189 313 40</p></div> <!-- header --></div><!-- porto-sicon-box --></a><a aria-label="Email address" class="porto-sicon-box-link" href="#"><div class="porto-sicon-box py-2 my-4  wpb_custom_860683fe6d5975d7b2cff563f7366f5c style_1 default-icon"><div class="porto-sicon-default"><div class="porto-just-icon-wrapper porto-icon none" style="color:#1f4c3b;font-size:32px;"><i class="Simple-Line-Icons-envelope"></i></div></div><div class="porto-sicon-header"><h4 class="porto-sicon-title" style="font-weight:700;font-size:1em;color:#212529;line-height:1;">Email address</h4><p style="line-height:1.6;color:#777777;">nal@sanas-legal.de</p></div> <!-- header --></div><!-- porto-sicon-box --></a><div class="porto-sicon-box  wpb_custom_860683fe6d5975d7b2cff563f7366f5c style_1 default-icon"><div class="porto-sicon-default"><div class="porto-just-icon-wrapper porto-icon none" style="color:#1f4c3b;font-size:31px;"><i class="Simple-Line-Icons-calendar"></i></div></div><div class="porto-sicon-header"><h4 class="porto-sicon-title" style="font-weight:700;font-size:1em;color:#212529;line-height:1;">Consultation hours</h4><p style="line-height:1.6;color:#777777;">Mon–Fri: 9:00 AM to 6:00 PM</p></div> <!-- header --></div><!-- porto-sicon-box -->[/vc_column_inner][/vc_row_inner]<div class="porto-u-icons mb-4"><a class="porto-icon fab fa-facebook-f advanced"  style="color:#333333;border-style:solid;border-color:#e7e7e7;border-width:1px;width:46px;height:46px;line-height:46px;border-radius:24px;font-size:15px;" href="#"></a><a class="porto-icon fab fa-twitter advanced"  style="color:#333333;border-style:solid;border-color:#e7e7e7;border-width:1px;width:46px;height:46px;line-height:46px;border-radius:24px;font-size:15px;margin-right:2px;" href="#"></a><a class="porto-icon fab fa-linkedin-in advanced"  style="color:#333333;border-style:solid;border-color:#e7e7e7;border-width:1px;width:46px;height:46px;line-height:46px;border-radius:24px;font-size:15px;margin-right:2px;" href="#"></a></div>[/vc_column][/vc_row]</p>
</div>
