{"id":1382,"date":"2024-02-23T02:32:55","date_gmt":"2024-02-23T01:32:55","guid":{"rendered":"https:\/\/sanas-legal.de\/member\/serdal-altuntas\/"},"modified":"2026-02-28T12:26:55","modified_gmt":"2026-02-28T11:26:55","slug":"serdal-altuntas","status":"publish","type":"member","link":"https:\/\/sanas-legal.de\/en\/member\/serdal-altuntas\/","title":{"rendered":"Serdal Altunta\u015f"},"content":{"rendered":"<div class=\"wpb-content-wrapper\"><p>[vc_row css=&#8221;.vc_custom_1608603959337{margin-top: 45px !important;margin-bottom: 30px !important;}&#8221;][vc_column animation_delay=&#8221;200&#8243; offset=&#8221;vc_col-md-4&#8243; el_class=&#8221;pb-4 pb-lg-0 contact-info&#8221; animation_type=&#8221;fadeInUp&#8221;]<div class=\"porto-ultimate-content-box-container custom-box-shadow pb-5 mb-5\"><style>.porto_ucb_21b6bf01188be9ba0119a2cb5c097588{will-change: box-shadow;box-shadow: none;}.porto_ucb_21b6bf01188be9ba0119a2cb5c097588:hover{box-shadow:none}<\/style><div class=\"porto-ultimate-content-box porto_ucb_21b6bf01188be9ba0119a2cb5c097588\" style=\"\">[vc_single_image image=&#8221;1384&#8243; img_size=&#8221;full&#8221; alignment=&#8221;center&#8221; css=&#8221;.vc_custom_1715068005297{background-color: #f4f4f4 !important;}&#8221; el_class=&#8221;mb-5&#8243;][vc_custom_heading text=&#8221;Serdal Altunta\u015f&#8221; font_container=&#8221;tag:h3|font_size:1.5em|text_align:center|line_height:1&#8243; use_theme_fonts=&#8221;yes&#8221; text_transform=&#8221;text-capitalize&#8221; font_weight=&#8221;600&#8243; letter_spacing=&#8221;-0.05em&#8221; el_class=&#8221;px-4 mb-1&#8243;][vc_custom_heading text=&#8221;Attorney-at-law, trusted contact person for the Consulate, trusted attorney of the Consulate General of the Republic of T\u00fcrkiye\/Munich&#8221; font_container=&#8221;tag:p|text_align:center|color:%23969696&#8243; use_theme_fonts=&#8221;yes&#8221; text_transform=&#8221;text-uppercase&#8221; letter_spacing=&#8221;2.5px&#8221; el_class=&#8221;px-4 mb-3&#8243;]<\/div><\/div>[vc_separator color=&#8221;custom&#8221; style=&#8221;solid&#8221; el_class=&#8221;mb-4&#8243;][\/vc_column][vc_column animation_delay=&#8221;400&#8243; offset=&#8221;vc_col-md-8&#8243; animation_type=&#8221;fadeInUp&#8221;][vc_custom_heading text=&#8221;Practice areas&#8221; font_container=&#8221;tag:h2|font_size:1.65em|text_align:left|line_height:24px&#8221; use_theme_fonts=&#8221;yes&#8221; font_weight=&#8221;700&#8243; letter_spacing=&#8221;-0.05em&#8221; el_class=&#8221;mb-2 font-style-normal&#8221;][vc_column_text]<\/p>\n<ul class=\"custom_list bullet_6\">\n<li>Commercial and corporate law<\/li>\n<li>Commercial tenancy law<\/li>\n<li>Enforcement law \/ debt collection \/ receivables management<\/li>\n<\/ul>\n<p>[\/vc_column_text][vc_custom_heading text=&#8221;Memberships&#8221; font_container=&#8221;tag:h2|font_size:1.65em|text_align:left|line_height:24px&#8221; use_theme_fonts=&#8221;yes&#8221; font_weight=&#8221;700&#8243; letter_spacing=&#8221;-0.05em&#8221; el_class=&#8221;mb-2 font-style-normal&#8221;][vc_column_text]Munich Bar Association, German Bar Association, Munich Bar Association, Forum for Young Lawyers, German\u2013Turkish Lawyers\u2019 Association[\/vc_column_text][vc_custom_heading text=&#8221;CV \/ Information&#8221; font_container=&#8221;tag:h2|font_size:1.65em|text_align:left|line_height:24px&#8221; use_theme_fonts=&#8221;yes&#8221; font_weight=&#8221;700&#8243; letter_spacing=&#8221;-0.05em&#8221; el_class=&#8221;mb-2 font-style-normal&#8221;][vc_column_text]Attorney-at-law Serdal Altunta\u015f is a founding partner of SANAS Rechtsanw\u00e4lte.<\/p>\n<p>He was born on 11 March 1975 in Forchheim, Bavaria, and is married.<\/p>\n<p>After obtaining his university entrance qualification at Ehrenb\u00fcrg-Gymnasium in Forchheim, Upper Franconia, Mr Altunta\u015f studied law in Halle (Saale), Erlangen and Munich, completing his studies in 2004 with the First State Examination.<\/p>\n<p>He completed his legal traineeship as well as the Second State Examination in the Munich Higher Regional Court district, finishing in 2007.<\/p>\n<p>Attorney-at-law Serdal Altunta\u015f then worked as a self-employed attorney until the end of 2008.<\/p>\n<p>Even during his studies and legal traineeship, Mr Altunta\u015f was successful through founding various companies of his own and, with the active legal and organisational support of his wife, a qualified pharmacist, in establishing three pharmacies in Munich.<\/p>\n<p>This entrepreneurial experience helps Attorney-at-law Serdal Altunta\u015f, in particular, to understand the practical aspects of setting up a business and thus to advise clients comprehensively in commercial and corporate law.<\/p>\n<p>In addition to these areas of law, Mr Altunta\u015f at SANAS Rechtsanw\u00e4lte focuses primarily on commercial tenancy law and immigration law. Furthermore, Mr Altunta\u015f works in the area of enforcement \/ receivables management. <\/p>\n<p>Mr Serdal Altunta\u015f corresponds in German, Turkish and English.<\/p>\n<p>In addition to his work as an attorney-at-law, Mr Serdal Altunta\u015f is interested in politics and culture.[\/vc_column_text][vc_empty_space height=&#8221;17&#8243;][vc_custom_heading text=&#8221;Contact me&#8221; font_container=&#8221;tag:h2|font_size:1.65em|text_align:left|line_height:24px&#8221; use_theme_fonts=&#8221;yes&#8221; font_weight=&#8221;700&#8243; letter_spacing=&#8221;-0.05em&#8221; el_class=&#8221;mb-2 font-style-normal&#8221;][vc_empty_space height=&#8221;17&#8243;][vc_row_inner][vc_column_inner]<a aria-label=\"Telephone\" class=\"porto-sicon-box-link\" href=\"#\"><div class=\"porto-sicon-box  wpb_custom_860683fe6d5975d7b2cff563f7366f5c style_1 default-icon\"><div class=\"porto-sicon-default\"><div class=\"porto-just-icon-wrapper porto-icon none\" style=\"color:#1f4c3b;font-size:31px;\"><i class=\"Simple-Line-Icons-phone\"><\/i><\/div><\/div><div class=\"porto-sicon-header\"><h4 class=\"porto-sicon-title\" style=\"font-weight:700;font-size:1em;color:#212529;line-height:1;\">Telephone<\/h4><p style=\"line-height:1.6;color:#777777;\">089 \/ 189 313 40<\/p><\/div> <!-- header --><\/div><!-- porto-sicon-box --><\/a><a aria-label=\"Email address\" class=\"porto-sicon-box-link\" href=\"#\"><div class=\"porto-sicon-box py-2 my-4  wpb_custom_860683fe6d5975d7b2cff563f7366f5c style_1 default-icon\"><div class=\"porto-sicon-default\"><div class=\"porto-just-icon-wrapper porto-icon none\" style=\"color:#1f4c3b;font-size:32px;\"><i class=\"Simple-Line-Icons-envelope\"><\/i><\/div><\/div><div class=\"porto-sicon-header\"><h4 class=\"porto-sicon-title\" style=\"font-weight:700;font-size:1em;color:#212529;line-height:1;\">Email address<\/h4><p style=\"line-height:1.6;color:#777777;\">altuntas@sanas-legal.de<\/p><\/div> <!-- header --><\/div><!-- porto-sicon-box --><\/a><div class=\"porto-sicon-box  wpb_custom_860683fe6d5975d7b2cff563f7366f5c style_1 default-icon\"><div class=\"porto-sicon-default\"><div class=\"porto-just-icon-wrapper porto-icon none\" style=\"color:#1f4c3b;font-size:31px;\"><i class=\"Simple-Line-Icons-calendar\"><\/i><\/div><\/div><div class=\"porto-sicon-header\"><h4 class=\"porto-sicon-title\" style=\"font-weight:700;font-size:1em;color:#212529;line-height:1;\">Consultation hours<\/h4><p style=\"line-height:1.6;color:#777777;\">Mon\u2013Fri: 9:00 AM to 6:00 PM<\/p><\/div> <!-- header --><\/div><!-- porto-sicon-box -->[\/vc_column_inner][\/vc_row_inner]<div class=\"porto-u-icons mb-4\"><a class=\"porto-icon fab fa-facebook-f advanced\"  style=\"color:#333333;border-style:solid;border-color:#e7e7e7;border-width:1px;width:46px;height:46px;line-height:46px;border-radius:24px;font-size:15px;\" href=\"#\"><\/a><a class=\"porto-icon fab fa-twitter advanced\"  style=\"color:#333333;border-style:solid;border-color:#e7e7e7;border-width:1px;width:46px;height:46px;line-height:46px;border-radius:24px;font-size:15px;margin-right:2px;\" href=\"#\"><\/a><a class=\"porto-icon fab fa-linkedin-in advanced\"  style=\"color:#333333;border-style:solid;border-color:#e7e7e7;border-width:1px;width:46px;height:46px;line-height:46px;border-radius:24px;font-size:15px;margin-right:2px;\" href=\"#\"><\/a><\/div>[\/vc_column][\/vc_row]<\/p>\n<\/div>","protected":false},"featured_media":0,"menu_order":3,"template":"","member_cat":[67,66],"class_list":["post-1382","member","type-member","status-publish","hentry","member_cat-partner","member_cat-trusted-attorneys-of-the-turkish-consulate-general-in-munich"],"acf":[],"_links":{"self":[{"href":"https:\/\/sanas-legal.de\/en\/wp-json\/wp\/v2\/member\/1382","targetHints":{"allow":["GET"]}}],"collection":[{"href":"https:\/\/sanas-legal.de\/en\/wp-json\/wp\/v2\/member"}],"about":[{"href":"https:\/\/sanas-legal.de\/en\/wp-json\/wp\/v2\/types\/member"}],"wp:attachment":[{"href":"https:\/\/sanas-legal.de\/en\/wp-json\/wp\/v2\/media?parent=1382"}],"wp:term":[{"taxonomy":"member_cat","embeddable":true,"href":"https:\/\/sanas-legal.de\/en\/wp-json\/wp\/v2\/member_cat?post=1382"}],"curies":[{"name":"wp","href":"https:\/\/api.w.org\/{rel}","templated":true}]}}

Serdal Altuntaş

<div class="wpb-content-wrapper"><p>[vc_row css=&#8221;.vc_custom_1608603959337{margin-top: 45px !important;margin-bottom: 30px !important;}&#8221;][vc_column animation_delay=&#8221;200&#8243; offset=&#8221;vc_col-md-4&#8243; el_class=&#8221;pb-4 pb-lg-0 contact-info&#8221; animation_type=&#8221;fadeInUp&#8221;]<div class="porto-ultimate-content-box-container custom-box-shadow pb-5 mb-5"><style>.porto_ucb_21b6bf01188be9ba0119a2cb5c097588{will-change: box-shadow;box-shadow: none;}.porto_ucb_21b6bf01188be9ba0119a2cb5c097588:hover{box-shadow:none}</style><div class="porto-ultimate-content-box porto_ucb_21b6bf01188be9ba0119a2cb5c097588" style="">[vc_single_image image=&#8221;1384&#8243; img_size=&#8221;full&#8221; alignment=&#8221;center&#8221; css=&#8221;.vc_custom_1715068005297{background-color: #f4f4f4 !important;}&#8221; el_class=&#8221;mb-5&#8243;][vc_custom_heading text=&#8221;Serdal Altuntaş&#8221; font_container=&#8221;tag:h3|font_size:1.5em|text_align:center|line_height:1&#8243; use_theme_fonts=&#8221;yes&#8221; text_transform=&#8221;text-capitalize&#8221; font_weight=&#8221;600&#8243; letter_spacing=&#8221;-0.05em&#8221; el_class=&#8221;px-4 mb-1&#8243;][vc_custom_heading text=&#8221;Attorney-at-law, trusted contact person for the Consulate, trusted attorney of the Consulate General of the Republic of Türkiye/Munich&#8221; font_container=&#8221;tag:p|text_align:center|color:%23969696&#8243; use_theme_fonts=&#8221;yes&#8221; text_transform=&#8221;text-uppercase&#8221; letter_spacing=&#8221;2.5px&#8221; el_class=&#8221;px-4 mb-3&#8243;]</div></div>[vc_separator color=&#8221;custom&#8221; style=&#8221;solid&#8221; el_class=&#8221;mb-4&#8243;][/vc_column][vc_column animation_delay=&#8221;400&#8243; offset=&#8221;vc_col-md-8&#8243; animation_type=&#8221;fadeInUp&#8221;][vc_custom_heading text=&#8221;Practice areas&#8221; font_container=&#8221;tag:h2|font_size:1.65em|text_align:left|line_height:24px&#8221; use_theme_fonts=&#8221;yes&#8221; font_weight=&#8221;700&#8243; letter_spacing=&#8221;-0.05em&#8221; el_class=&#8221;mb-2 font-style-normal&#8221;][vc_column_text]</p>
<ul class="custom_list bullet_6">
<li>Commercial and corporate law</li>
<li>Commercial tenancy law</li>
<li>Enforcement law / debt collection / receivables management</li>
</ul>
<p>[/vc_column_text][vc_custom_heading text=&#8221;Memberships&#8221; font_container=&#8221;tag:h2|font_size:1.65em|text_align:left|line_height:24px&#8221; use_theme_fonts=&#8221;yes&#8221; font_weight=&#8221;700&#8243; letter_spacing=&#8221;-0.05em&#8221; el_class=&#8221;mb-2 font-style-normal&#8221;][vc_column_text]Munich Bar Association, German Bar Association, Munich Bar Association, Forum for Young Lawyers, German–Turkish Lawyers’ Association[/vc_column_text][vc_custom_heading text=&#8221;CV / Information&#8221; font_container=&#8221;tag:h2|font_size:1.65em|text_align:left|line_height:24px&#8221; use_theme_fonts=&#8221;yes&#8221; font_weight=&#8221;700&#8243; letter_spacing=&#8221;-0.05em&#8221; el_class=&#8221;mb-2 font-style-normal&#8221;][vc_column_text]Attorney-at-law Serdal Altuntaş is a founding partner of SANAS Rechtsanwälte.</p>
<p>He was born on 11 March 1975 in Forchheim, Bavaria, and is married.</p>
<p>After obtaining his university entrance qualification at Ehrenbürg-Gymnasium in Forchheim, Upper Franconia, Mr Altuntaş studied law in Halle (Saale), Erlangen and Munich, completing his studies in 2004 with the First State Examination.</p>
<p>He completed his legal traineeship as well as the Second State Examination in the Munich Higher Regional Court district, finishing in 2007.</p>
<p>Attorney-at-law Serdal Altuntaş then worked as a self-employed attorney until the end of 2008.</p>
<p>Even during his studies and legal traineeship, Mr Altuntaş was successful through founding various companies of his own and, with the active legal and organisational support of his wife, a qualified pharmacist, in establishing three pharmacies in Munich.</p>
<p>This entrepreneurial experience helps Attorney-at-law Serdal Altuntaş, in particular, to understand the practical aspects of setting up a business and thus to advise clients comprehensively in commercial and corporate law.</p>
<p>In addition to these areas of law, Mr Altuntaş at SANAS Rechtsanwälte focuses primarily on commercial tenancy law and immigration law. Furthermore, Mr Altuntaş works in the area of enforcement / receivables management. </p>
<p>Mr Serdal Altuntaş corresponds in German, Turkish and English.</p>
<p>In addition to his work as an attorney-at-law, Mr Serdal Altuntaş is interested in politics and culture.[/vc_column_text][vc_empty_space height=&#8221;17&#8243;][vc_custom_heading text=&#8221;Contact me&#8221; font_container=&#8221;tag:h2|font_size:1.65em|text_align:left|line_height:24px&#8221; use_theme_fonts=&#8221;yes&#8221; font_weight=&#8221;700&#8243; letter_spacing=&#8221;-0.05em&#8221; el_class=&#8221;mb-2 font-style-normal&#8221;][vc_empty_space height=&#8221;17&#8243;][vc_row_inner][vc_column_inner]<a aria-label="Telephone" class="porto-sicon-box-link" href="#"><div class="porto-sicon-box  wpb_custom_860683fe6d5975d7b2cff563f7366f5c style_1 default-icon"><div class="porto-sicon-default"><div class="porto-just-icon-wrapper porto-icon none" style="color:#1f4c3b;font-size:31px;"><i class="Simple-Line-Icons-phone"></i></div></div><div class="porto-sicon-header"><h4 class="porto-sicon-title" style="font-weight:700;font-size:1em;color:#212529;line-height:1;">Telephone</h4><p style="line-height:1.6;color:#777777;">089 / 189 313 40</p></div> <!-- header --></div><!-- porto-sicon-box --></a><a aria-label="Email address" class="porto-sicon-box-link" href="#"><div class="porto-sicon-box py-2 my-4  wpb_custom_860683fe6d5975d7b2cff563f7366f5c style_1 default-icon"><div class="porto-sicon-default"><div class="porto-just-icon-wrapper porto-icon none" style="color:#1f4c3b;font-size:32px;"><i class="Simple-Line-Icons-envelope"></i></div></div><div class="porto-sicon-header"><h4 class="porto-sicon-title" style="font-weight:700;font-size:1em;color:#212529;line-height:1;">Email address</h4><p style="line-height:1.6;color:#777777;">altuntas@sanas-legal.de</p></div> <!-- header --></div><!-- porto-sicon-box --></a><div class="porto-sicon-box  wpb_custom_860683fe6d5975d7b2cff563f7366f5c style_1 default-icon"><div class="porto-sicon-default"><div class="porto-just-icon-wrapper porto-icon none" style="color:#1f4c3b;font-size:31px;"><i class="Simple-Line-Icons-calendar"></i></div></div><div class="porto-sicon-header"><h4 class="porto-sicon-title" style="font-weight:700;font-size:1em;color:#212529;line-height:1;">Consultation hours</h4><p style="line-height:1.6;color:#777777;">Mon–Fri: 9:00 AM to 6:00 PM</p></div> <!-- header --></div><!-- porto-sicon-box -->[/vc_column_inner][/vc_row_inner]<div class="porto-u-icons mb-4"><a class="porto-icon fab fa-facebook-f advanced"  style="color:#333333;border-style:solid;border-color:#e7e7e7;border-width:1px;width:46px;height:46px;line-height:46px;border-radius:24px;font-size:15px;" href="#"></a><a class="porto-icon fab fa-twitter advanced"  style="color:#333333;border-style:solid;border-color:#e7e7e7;border-width:1px;width:46px;height:46px;line-height:46px;border-radius:24px;font-size:15px;margin-right:2px;" href="#"></a><a class="porto-icon fab fa-linkedin-in advanced"  style="color:#333333;border-style:solid;border-color:#e7e7e7;border-width:1px;width:46px;height:46px;line-height:46px;border-radius:24px;font-size:15px;margin-right:2px;" href="#"></a></div>[/vc_column][/vc_row]</p>
</div>
