{"id":1402,"date":"2024-02-23T02:58:16","date_gmt":"2024-02-23T01:58:16","guid":{"rendered":"https:\/\/sanas-legal.de\/member\/gueldane-sen\/"},"modified":"2026-02-28T12:27:21","modified_gmt":"2026-02-28T11:27:21","slug":"gueldane-sen","status":"publish","type":"member","link":"https:\/\/sanas-legal.de\/en\/member\/gueldane-sen\/","title":{"rendered":"G\u00fcldane \u015een"},"content":{"rendered":"<div class=\"wpb-content-wrapper\"><p>[vc_row css=&#8221;.vc_custom_1608603959337{margin-top: 45px !important;margin-bottom: 30px !important;}&#8221;][vc_column animation_delay=&#8221;200&#8243; offset=&#8221;vc_col-md-4&#8243; el_class=&#8221;pb-4 pb-lg-0 contact-info&#8221; animation_type=&#8221;fadeInUp&#8221;]<div class=\"porto-ultimate-content-box-container custom-box-shadow pb-5 mb-5\"><style>.porto_ucb_21b6bf01188be9ba0119a2cb5c097588{will-change: box-shadow;box-shadow: none;}.porto_ucb_21b6bf01188be9ba0119a2cb5c097588:hover{box-shadow:none}<\/style><div class=\"porto-ultimate-content-box porto_ucb_21b6bf01188be9ba0119a2cb5c097588\" style=\"\">[vc_single_image image=&#8221;1404&#8243; img_size=&#8221;400&#215;400&#8243; alignment=&#8221;center&#8221; css=&#8221;.vc_custom_1715067837641{background-color: #f4f4f4 !important;}&#8221;][vc_custom_heading text=&#8221;G\u00fcldane \u015een&#8221; font_container=&#8221;tag:h3|font_size:1.5em|text_align:center|line_height:1&#8243; use_theme_fonts=&#8221;yes&#8221; text_transform=&#8221;text-capitalize&#8221; font_weight=&#8221;600&#8243; letter_spacing=&#8221;-0.05em&#8221; el_class=&#8221;px-4 mb-1&#8243;][vc_custom_heading text=&#8221;Attorney-at-Law&#8221; font_container=&#8221;tag:p|text_align:center|color:%23969696&#8243; use_theme_fonts=&#8221;yes&#8221; text_transform=&#8221;text-uppercase&#8221; letter_spacing=&#8221;2.5px&#8221; el_class=&#8221;px-4 mb-3&#8243;]<\/div><\/div>[vc_separator color=&#8221;custom&#8221; style=&#8221;solid&#8221; el_class=&#8221;mb-4&#8243;][\/vc_column][vc_column animation_delay=&#8221;400&#8243; offset=&#8221;vc_col-md-8&#8243; animation_type=&#8221;fadeInUp&#8221;][vc_custom_heading text=&#8221;Areas of Practice&#8221; font_container=&#8221;tag:h2|font_size:1.65em|text_align:left|line_height:24px&#8221; use_theme_fonts=&#8221;yes&#8221; font_weight=&#8221;700&#8243; letter_spacing=&#8221;-0.05em&#8221; el_class=&#8221;mb-2 font-style-normal&#8221;][vc_column_text]<\/p>\n<ul class=\"custom_list bullet_6\">\n<li>Immigration Law with focus on Skilled Worker Immigration and Association Law<\/li>\n<li>Tax Law<\/li>\n<li>Labor Law<\/li>\n<li>General Civil Law<\/li>\n<li>Traffic Law (e.g., handling of traffic accidents)<\/li>\n<li>Administrative Offenses<\/li>\n<\/ul>\n<p>[\/vc_column_text][vc_custom_heading text=&#8221;Memberships&#8221; font_container=&#8221;tag:h2|font_size:1.65em|text_align:left|line_height:24px&#8221; use_theme_fonts=&#8221;yes&#8221; font_weight=&#8221;700&#8243; letter_spacing=&#8221;-0.05em&#8221; el_class=&#8221;mb-2 font-style-normal&#8221;][vc_column_text]Munich Bar Association[\/vc_column_text][vc_custom_heading text=&#8221;Curriculum Vitae \/ Information&#8221; font_container=&#8221;tag:h2|font_size:1.65em|text_align:left|line_height:24px&#8221; use_theme_fonts=&#8221;yes&#8221; font_weight=&#8221;700&#8243; letter_spacing=&#8221;-0.05em&#8221; el_class=&#8221;mb-2 font-style-normal&#8221;][vc_column_text]G\u00fcldane \u015een, n\u00e9e Alt\u0131nalan, was born and raised in Munich in 1990. <\/p>\n<p>Ms. \u015een initially completed her training in the field of insurance and finance. During this time, she discovered her passion for law and subsequently began her law studies. In parallel, she completed her Turkish high school diploma externally.  <\/p>\n<p>She studied law at LMU Munich and completed her studies in 2020 with the First State Examination. Alongside her studies, Ms. \u015een worked as a research assistant at Beck Verlag in the areas of immigration and copyright law. <\/p>\n<p>Ms. \u015een completed her legal clerkship in the Munich Higher Regional Court district. Since she was already interested in the legal profession during her clerkship, she completed her rotations at our law firm. <\/p>\n<p>In June 2023, she successfully passed her Second State Examination. Since August 2023, Ms. \u015een has been admitted as an attorney-at-law and has been working at our firm as a cooperation partner since October 2023. <\/p>\n<p>Ms. G\u00fcldane \u015een corresponds in German, Turkish, and English.<\/p>\n<p>In addition to her work as an attorney-at-law, Ms. G\u00fcldane \u015een is interested in art and enjoys painting on canvas. She also enjoys working out with strength training.[\/vc_column_text][vc_empty_space height=&#8221;17&#8243;][vc_custom_heading text=&#8221;Contact Me&#8221; font_container=&#8221;tag:h2|font_size:1.65em|text_align:left|line_height:24px&#8221; use_theme_fonts=&#8221;yes&#8221; font_weight=&#8221;700&#8243; letter_spacing=&#8221;-0.05em&#8221; el_class=&#8221;mb-2 font-style-normal&#8221;][vc_empty_space height=&#8221;17&#8243;][vc_row_inner][vc_column_inner]<a aria-label=\"Phone\" class=\"porto-sicon-box-link\" href=\"#\"><div class=\"porto-sicon-box  wpb_custom_860683fe6d5975d7b2cff563f7366f5c style_1 default-icon\"><div class=\"porto-sicon-default\"><div class=\"porto-just-icon-wrapper porto-icon none\" style=\"color:#1f4c3b;font-size:31px;\"><i class=\"Simple-Line-Icons-phone\"><\/i><\/div><\/div><div class=\"porto-sicon-header\"><h4 class=\"porto-sicon-title\" style=\"font-weight:700;font-size:1em;color:#212529;line-height:1;\">Phone<\/h4><p style=\"line-height:1.6;color:#777777;\">089 \/ 189 313 40<\/p><\/div> <!-- header --><\/div><!-- porto-sicon-box --><\/a><a aria-label=\"Email Address\" class=\"porto-sicon-box-link\" href=\"#\"><div class=\"porto-sicon-box py-2 my-4  wpb_custom_860683fe6d5975d7b2cff563f7366f5c style_1 default-icon\"><div class=\"porto-sicon-default\"><div class=\"porto-just-icon-wrapper porto-icon none\" style=\"color:#1f4c3b;font-size:32px;\"><i class=\"Simple-Line-Icons-envelope\"><\/i><\/div><\/div><div class=\"porto-sicon-header\"><h4 class=\"porto-sicon-title\" style=\"font-weight:700;font-size:1em;color:#212529;line-height:1;\">Email Address<\/h4><p style=\"line-height:1.6;color:#777777;\">sen@sanas-legal.de<\/p><\/div> <!-- header --><\/div><!-- porto-sicon-box --><\/a><div class=\"porto-sicon-box  wpb_custom_860683fe6d5975d7b2cff563f7366f5c style_1 default-icon\"><div class=\"porto-sicon-default\"><div class=\"porto-just-icon-wrapper porto-icon none\" style=\"color:#1f4c3b;font-size:31px;\"><i class=\"Simple-Line-Icons-calendar\"><\/i><\/div><\/div><div class=\"porto-sicon-header\"><h4 class=\"porto-sicon-title\" style=\"font-weight:700;font-size:1em;color:#212529;line-height:1;\">Consultation Hours<\/h4><p style=\"line-height:1.6;color:#777777;\">Mon - Fri: 9:00 AM to 5:45 PM<\/p><\/div> <!-- header --><\/div><!-- porto-sicon-box -->[\/vc_column_inner][\/vc_row_inner]<div class=\"porto-u-icons mb-4\"><a class=\"porto-icon fab fa-facebook-f advanced\"  style=\"color:#333333;border-style:solid;border-color:#e7e7e7;border-width:1px;width:46px;height:46px;line-height:46px;border-radius:24px;font-size:15px;\" href=\"#\"><\/a><a class=\"porto-icon fab fa-twitter advanced\"  style=\"color:#333333;border-style:solid;border-color:#e7e7e7;border-width:1px;width:46px;height:46px;line-height:46px;border-radius:24px;font-size:15px;margin-right:2px;\" href=\"#\"><\/a><a class=\"porto-icon fab fa-linkedin-in advanced\"  style=\"color:#333333;border-style:solid;border-color:#e7e7e7;border-width:1px;width:46px;height:46px;line-height:46px;border-radius:24px;font-size:15px;margin-right:2px;\" href=\"#\"><\/a><\/div>[\/vc_column][\/vc_row]<\/p>\n<\/div>","protected":false},"featured_media":0,"menu_order":4,"template":"","member_cat":[65,66],"class_list":["post-1402","member","type-member","status-publish","hentry","member_cat-attorneys-at-law-in-cooperation","member_cat-trusted-attorneys-of-the-turkish-consulate-general-in-munich"],"acf":[],"_links":{"self":[{"href":"https:\/\/sanas-legal.de\/en\/wp-json\/wp\/v2\/member\/1402","targetHints":{"allow":["GET"]}}],"collection":[{"href":"https:\/\/sanas-legal.de\/en\/wp-json\/wp\/v2\/member"}],"about":[{"href":"https:\/\/sanas-legal.de\/en\/wp-json\/wp\/v2\/types\/member"}],"wp:attachment":[{"href":"https:\/\/sanas-legal.de\/en\/wp-json\/wp\/v2\/media?parent=1402"}],"wp:term":[{"taxonomy":"member_cat","embeddable":true,"href":"https:\/\/sanas-legal.de\/en\/wp-json\/wp\/v2\/member_cat?post=1402"}],"curies":[{"name":"wp","href":"https:\/\/api.w.org\/{rel}","templated":true}]}}

Güldane Şen

<div class="wpb-content-wrapper"><p>[vc_row css=&#8221;.vc_custom_1608603959337{margin-top: 45px !important;margin-bottom: 30px !important;}&#8221;][vc_column animation_delay=&#8221;200&#8243; offset=&#8221;vc_col-md-4&#8243; el_class=&#8221;pb-4 pb-lg-0 contact-info&#8221; animation_type=&#8221;fadeInUp&#8221;]<div class="porto-ultimate-content-box-container custom-box-shadow pb-5 mb-5"><style>.porto_ucb_21b6bf01188be9ba0119a2cb5c097588{will-change: box-shadow;box-shadow: none;}.porto_ucb_21b6bf01188be9ba0119a2cb5c097588:hover{box-shadow:none}</style><div class="porto-ultimate-content-box porto_ucb_21b6bf01188be9ba0119a2cb5c097588" style="">[vc_single_image image=&#8221;1404&#8243; img_size=&#8221;400&#215;400&#8243; alignment=&#8221;center&#8221; css=&#8221;.vc_custom_1715067837641{background-color: #f4f4f4 !important;}&#8221;][vc_custom_heading text=&#8221;Güldane Şen&#8221; font_container=&#8221;tag:h3|font_size:1.5em|text_align:center|line_height:1&#8243; use_theme_fonts=&#8221;yes&#8221; text_transform=&#8221;text-capitalize&#8221; font_weight=&#8221;600&#8243; letter_spacing=&#8221;-0.05em&#8221; el_class=&#8221;px-4 mb-1&#8243;][vc_custom_heading text=&#8221;Attorney-at-Law&#8221; font_container=&#8221;tag:p|text_align:center|color:%23969696&#8243; use_theme_fonts=&#8221;yes&#8221; text_transform=&#8221;text-uppercase&#8221; letter_spacing=&#8221;2.5px&#8221; el_class=&#8221;px-4 mb-3&#8243;]</div></div>[vc_separator color=&#8221;custom&#8221; style=&#8221;solid&#8221; el_class=&#8221;mb-4&#8243;][/vc_column][vc_column animation_delay=&#8221;400&#8243; offset=&#8221;vc_col-md-8&#8243; animation_type=&#8221;fadeInUp&#8221;][vc_custom_heading text=&#8221;Areas of Practice&#8221; font_container=&#8221;tag:h2|font_size:1.65em|text_align:left|line_height:24px&#8221; use_theme_fonts=&#8221;yes&#8221; font_weight=&#8221;700&#8243; letter_spacing=&#8221;-0.05em&#8221; el_class=&#8221;mb-2 font-style-normal&#8221;][vc_column_text]</p>
<ul class="custom_list bullet_6">
<li>Immigration Law with focus on Skilled Worker Immigration and Association Law</li>
<li>Tax Law</li>
<li>Labor Law</li>
<li>General Civil Law</li>
<li>Traffic Law (e.g., handling of traffic accidents)</li>
<li>Administrative Offenses</li>
</ul>
<p>[/vc_column_text][vc_custom_heading text=&#8221;Memberships&#8221; font_container=&#8221;tag:h2|font_size:1.65em|text_align:left|line_height:24px&#8221; use_theme_fonts=&#8221;yes&#8221; font_weight=&#8221;700&#8243; letter_spacing=&#8221;-0.05em&#8221; el_class=&#8221;mb-2 font-style-normal&#8221;][vc_column_text]Munich Bar Association[/vc_column_text][vc_custom_heading text=&#8221;Curriculum Vitae / Information&#8221; font_container=&#8221;tag:h2|font_size:1.65em|text_align:left|line_height:24px&#8221; use_theme_fonts=&#8221;yes&#8221; font_weight=&#8221;700&#8243; letter_spacing=&#8221;-0.05em&#8221; el_class=&#8221;mb-2 font-style-normal&#8221;][vc_column_text]Güldane Şen, née Altınalan, was born and raised in Munich in 1990. </p>
<p>Ms. Şen initially completed her training in the field of insurance and finance. During this time, she discovered her passion for law and subsequently began her law studies. In parallel, she completed her Turkish high school diploma externally.  </p>
<p>She studied law at LMU Munich and completed her studies in 2020 with the First State Examination. Alongside her studies, Ms. Şen worked as a research assistant at Beck Verlag in the areas of immigration and copyright law. </p>
<p>Ms. Şen completed her legal clerkship in the Munich Higher Regional Court district. Since she was already interested in the legal profession during her clerkship, she completed her rotations at our law firm. </p>
<p>In June 2023, she successfully passed her Second State Examination. Since August 2023, Ms. Şen has been admitted as an attorney-at-law and has been working at our firm as a cooperation partner since October 2023. </p>
<p>Ms. Güldane Şen corresponds in German, Turkish, and English.</p>
<p>In addition to her work as an attorney-at-law, Ms. Güldane Şen is interested in art and enjoys painting on canvas. She also enjoys working out with strength training.[/vc_column_text][vc_empty_space height=&#8221;17&#8243;][vc_custom_heading text=&#8221;Contact Me&#8221; font_container=&#8221;tag:h2|font_size:1.65em|text_align:left|line_height:24px&#8221; use_theme_fonts=&#8221;yes&#8221; font_weight=&#8221;700&#8243; letter_spacing=&#8221;-0.05em&#8221; el_class=&#8221;mb-2 font-style-normal&#8221;][vc_empty_space height=&#8221;17&#8243;][vc_row_inner][vc_column_inner]<a aria-label="Phone" class="porto-sicon-box-link" href="#"><div class="porto-sicon-box  wpb_custom_860683fe6d5975d7b2cff563f7366f5c style_1 default-icon"><div class="porto-sicon-default"><div class="porto-just-icon-wrapper porto-icon none" style="color:#1f4c3b;font-size:31px;"><i class="Simple-Line-Icons-phone"></i></div></div><div class="porto-sicon-header"><h4 class="porto-sicon-title" style="font-weight:700;font-size:1em;color:#212529;line-height:1;">Phone</h4><p style="line-height:1.6;color:#777777;">089 / 189 313 40</p></div> <!-- header --></div><!-- porto-sicon-box --></a><a aria-label="Email Address" class="porto-sicon-box-link" href="#"><div class="porto-sicon-box py-2 my-4  wpb_custom_860683fe6d5975d7b2cff563f7366f5c style_1 default-icon"><div class="porto-sicon-default"><div class="porto-just-icon-wrapper porto-icon none" style="color:#1f4c3b;font-size:32px;"><i class="Simple-Line-Icons-envelope"></i></div></div><div class="porto-sicon-header"><h4 class="porto-sicon-title" style="font-weight:700;font-size:1em;color:#212529;line-height:1;">Email Address</h4><p style="line-height:1.6;color:#777777;">sen@sanas-legal.de</p></div> <!-- header --></div><!-- porto-sicon-box --></a><div class="porto-sicon-box  wpb_custom_860683fe6d5975d7b2cff563f7366f5c style_1 default-icon"><div class="porto-sicon-default"><div class="porto-just-icon-wrapper porto-icon none" style="color:#1f4c3b;font-size:31px;"><i class="Simple-Line-Icons-calendar"></i></div></div><div class="porto-sicon-header"><h4 class="porto-sicon-title" style="font-weight:700;font-size:1em;color:#212529;line-height:1;">Consultation Hours</h4><p style="line-height:1.6;color:#777777;">Mon - Fri: 9:00 AM to 5:45 PM</p></div> <!-- header --></div><!-- porto-sicon-box -->[/vc_column_inner][/vc_row_inner]<div class="porto-u-icons mb-4"><a class="porto-icon fab fa-facebook-f advanced"  style="color:#333333;border-style:solid;border-color:#e7e7e7;border-width:1px;width:46px;height:46px;line-height:46px;border-radius:24px;font-size:15px;" href="#"></a><a class="porto-icon fab fa-twitter advanced"  style="color:#333333;border-style:solid;border-color:#e7e7e7;border-width:1px;width:46px;height:46px;line-height:46px;border-radius:24px;font-size:15px;margin-right:2px;" href="#"></a><a class="porto-icon fab fa-linkedin-in advanced"  style="color:#333333;border-style:solid;border-color:#e7e7e7;border-width:1px;width:46px;height:46px;line-height:46px;border-radius:24px;font-size:15px;margin-right:2px;" href="#"></a></div>[/vc_column][/vc_row]</p>
</div>
