{"id":1371,"date":"2024-05-27T10:45:33","date_gmt":"2024-05-27T08:45:33","guid":{"rendered":"https:\/\/sanas-legal.de\/member\/ayse-nal-roskos\/"},"modified":"2026-02-28T12:26:30","modified_gmt":"2026-02-28T11:26:30","slug":"ayse-nal-roskos","status":"publish","type":"member","link":"https:\/\/sanas-legal.de\/tr\/member\/ayse-nal-roskos\/","title":{"rendered":"Ay\u015fe Nal-Roskos"},"content":{"rendered":"<div class=\"wpb-content-wrapper\"><p>[vc_row css=&#8221;.vc_custom_1608603959337{margin-top: 45px !important;margin-bottom: 30px !important;}&#8221;][vc_column animation_delay=&#8221;200&#8243; offset=&#8221;vc_col-md-4&#8243; el_class=&#8221;pb-4 pb-lg-0 contact-info&#8221; animation_type=&#8221;fadeInUp&#8221;]<div class=\"porto-ultimate-content-box-container custom-box-shadow pb-5 mb-5\"><style>.porto_ucb_21b6bf01188be9ba0119a2cb5c097588{will-change: box-shadow;box-shadow: none;}.porto_ucb_21b6bf01188be9ba0119a2cb5c097588:hover{box-shadow:none}<\/style><div class=\"porto-ultimate-content-box porto_ucb_21b6bf01188be9ba0119a2cb5c097588\" style=\"\">[vc_single_image image=&#8221;1372&#8243; img_size=&#8221;400&#215;400&#8243; alignment=&#8221;center&#8221; css=&#8221;.vc_custom_1716799386484{background-color: #f4f4f4 !important;}&#8221;][vc_custom_heading text=&#8221;Ay\u015fe Nal-Roskos&#8221; font_container=&#8221;tag:h3|font_size:1.5em|text_align:center|line_height:1&#8243; use_theme_fonts=&#8221;yes&#8221; text_transform=&#8221;text-capitalize&#8221; font_weight=&#8221;600&#8243; letter_spacing=&#8221;-0.05em&#8221; el_class=&#8221;px-4 mb-1&#8243;][vc_custom_heading text=&#8221;Avukat&#8221; font_container=&#8221;tag:p|text_align:center|color:%23969696&#8243; use_theme_fonts=&#8221;yes&#8221; text_transform=&#8221;text-uppercase&#8221; letter_spacing=&#8221;2.5px&#8221; el_class=&#8221;px-4 mb-3&#8243;]<\/div><\/div>[vc_separator color=&#8221;custom&#8221; style=&#8221;solid&#8221; el_class=&#8221;mb-4&#8243;][\/vc_column][vc_column animation_delay=&#8221;400&#8243; offset=&#8221;vc_col-md-8&#8243; animation_type=&#8221;fadeInUp&#8221;][vc_custom_heading text=&#8221;Uzmanl\u0131k alanlar\u0131&#8221; font_container=&#8221;tag:h2|font_size:1.65em|text_align:left|line_height:24px&#8221; use_theme_fonts=&#8221;yes&#8221; font_weight=&#8221;700&#8243; letter_spacing=&#8221;-0.05em&#8221; el_class=&#8221;mb-2 font-style-normal&#8221;][vc_column_text]<\/p>\n<ul class=\"custom_list bullet_6\">\n<li>Yabanc\u0131lar hukuku (vize i\u015flemleri, aile birle\u015fimi vb.)<\/li>\n<li>Yabanc\u0131 diplomalar\u0131n denklik i\u015flemleri<\/li>\n<li>Vatanda\u015fl\u0131k hukuku<\/li>\n<li>\u0130flas hukuku (\u00f6zellikle t\u00fcketici iflas\u0131)<\/li>\n<li>Vergi hukuku (\u00f6zellikle \u00e7ocuk paras\u0131 i\u015flemleri)<\/li>\n<\/ul>\n<p>[\/vc_column_text][vc_custom_heading text=&#8221;\u00dcyelikler&#8221; font_container=&#8221;tag:h2|font_size:1.65em|text_align:left|line_height:24px&#8221; use_theme_fonts=&#8221;yes&#8221; font_weight=&#8221;700&#8243; letter_spacing=&#8221;-0.05em&#8221; el_class=&#8221;mb-2 font-style-normal&#8221;][vc_column_text]Frankfurt am Main Barosu[\/vc_column_text][vc_custom_heading text=&#8221;\u00d6zge\u00e7mi\u015f \/ Bilgiler&#8221; font_container=&#8221;tag:h2|font_size:1.65em|text_align:left|line_height:24px&#8221; use_theme_fonts=&#8221;yes&#8221; font_weight=&#8221;700&#8243; letter_spacing=&#8221;-0.05em&#8221; el_class=&#8221;mb-2 font-style-normal&#8221;][vc_column_text]T\u00fcrkiye\u2019de do\u011fan Ay\u015fe Nal-Roskos Han\u0131m, 1968 y\u0131l\u0131nda ilkokul \u00e7a\u011f\u0131nda Almanya\u2019ya gelmi\u015f ve M\u00fcnih\u2019te b\u00fcy\u00fcm\u00fc\u015ft\u00fcr.<\/p>\n<p>\u0130n\u015faat teknik ressam\u0131 olarak mesleki e\u011fitimini tamamlad\u0131ktan sonra, ikinci e\u011fitim yoluyla Abitur\u2019u alm\u0131\u015f ve ard\u0131ndan ABD\u2019deki yurt d\u0131\u015f\u0131 kal\u0131\u015flar\u0131yla kesintiye u\u011frayan s\u00fcre\u00e7te M\u00fcnih\u2019teki Ludwig-Maximilians \u00dcniversitesi\u2019nde ve K\u00f6ln \u00dcniversitesi\u2019nde hukuk e\u011fitimi alm\u0131\u015ft\u0131r. E\u011fitimini K\u00f6ln\u2019de birinci devlet s\u0131nav\u0131 ile tamamlam\u0131\u015ft\u0131r. \u0130kinci devlet s\u0131nav\u0131n\u0131 Frankfurt am Main\u2019daki Y\u00fcksek Eyalet Mahkemesi (OLG) b\u00f6lgesinde tamamlam\u0131\u015f ve ikinci hukuk devlet s\u0131nav\u0131n\u0131 vermi\u015ftir.<\/p>\n<p>Staj d\u00f6neminde dahi serbest \u00e7al\u0131\u015fan olarak hukuki alanda faaliyet g\u00f6steren Nal-Roskos Han\u0131m, 2007 y\u0131l\u0131nda kendi hukuk b\u00fcrosunu kurmu\u015ftur. Frankfurt\u2019taki avukatl\u0131k b\u00fcrosunun yan\u0131 s\u0131ra, 2009 y\u0131l\u0131ndan bu yana M\u00fcnih\u2019teki SANAS hukuk b\u00fcrosunda da serbest \u00e7al\u0131\u015fan avukat olarak g\u00f6rev yapmaktad\u0131r.<\/p>\n<p>Almanca, T\u00fcrk\u00e7e ve \u0130ngilizce yaz\u0131\u015fma yapmaktad\u0131r.<\/p>\n<p>\u00d6zel hayat\u0131nda Nal-Roskos Han\u0131m tarih, siyaset, sanat ve yemek pi\u015firmeye ilgi duymaktad\u0131r.[\/vc_column_text][vc_empty_space height=&#8221;17&#8243;][vc_custom_heading text=&#8221;Benimle ileti\u015fime ge\u00e7iniz&#8221; font_container=&#8221;tag:h2|font_size:1.65em|text_align:left|line_height:24px&#8221; use_theme_fonts=&#8221;yes&#8221; font_weight=&#8221;700&#8243; letter_spacing=&#8221;-0.05em&#8221; el_class=&#8221;mb-2 font-style-normal&#8221;][vc_empty_space height=&#8221;17&#8243;][vc_row_inner][vc_column_inner]<a aria-label=\"Telefon\" class=\"porto-sicon-box-link\" href=\"#\"><div class=\"porto-sicon-box  wpb_custom_860683fe6d5975d7b2cff563f7366f5c style_1 default-icon\"><div class=\"porto-sicon-default\"><div class=\"porto-just-icon-wrapper porto-icon none\" style=\"color:#1f4c3b;font-size:31px;\"><i class=\"Simple-Line-Icons-phone\"><\/i><\/div><\/div><div class=\"porto-sicon-header\"><h4 class=\"porto-sicon-title\" style=\"font-weight:700;font-size:1em;color:#212529;line-height:1;\">Telefon<\/h4><p style=\"line-height:1.6;color:#777777;\">089 \/ 189 313 40<\/p><\/div> <!-- header --><\/div><!-- porto-sicon-box --><\/a><a aria-label=\"E-posta adresi\" class=\"porto-sicon-box-link\" href=\"#\"><div class=\"porto-sicon-box py-2 my-4  wpb_custom_860683fe6d5975d7b2cff563f7366f5c style_1 default-icon\"><div class=\"porto-sicon-default\"><div class=\"porto-just-icon-wrapper porto-icon none\" style=\"color:#1f4c3b;font-size:32px;\"><i class=\"Simple-Line-Icons-envelope\"><\/i><\/div><\/div><div class=\"porto-sicon-header\"><h4 class=\"porto-sicon-title\" style=\"font-weight:700;font-size:1em;color:#212529;line-height:1;\">E-posta adresi<\/h4><p style=\"line-height:1.6;color:#777777;\">info@sanas-legal.de<\/p><\/div> <!-- header --><\/div><!-- porto-sicon-box --><\/a><div class=\"porto-sicon-box  wpb_custom_860683fe6d5975d7b2cff563f7366f5c style_1 default-icon\"><div class=\"porto-sicon-default\"><div class=\"porto-just-icon-wrapper porto-icon none\" style=\"color:#1f4c3b;font-size:31px;\"><i class=\"Simple-Line-Icons-calendar\"><\/i><\/div><\/div><div class=\"porto-sicon-header\"><h4 class=\"porto-sicon-title\" style=\"font-weight:700;font-size:1em;color:#212529;line-height:1;\">Dan\u0131\u015fma saatleri<\/h4><p style=\"line-height:1.6;color:#777777;\">Pzt - Cum: 09:00 - 17:45<\/p><\/div> <!-- header --><\/div><!-- porto-sicon-box -->[\/vc_column_inner][\/vc_row_inner]<div class=\"porto-u-icons mb-4\"><a class=\"porto-icon fab fa-facebook-f advanced\"  style=\"color:#333333;border-style:solid;border-color:#e7e7e7;border-width:1px;width:46px;height:46px;line-height:46px;border-radius:24px;font-size:15px;\" href=\"#\"><\/a><a class=\"porto-icon fab fa-twitter advanced\"  style=\"color:#333333;border-style:solid;border-color:#e7e7e7;border-width:1px;width:46px;height:46px;line-height:46px;border-radius:24px;font-size:15px;margin-right:2px;\" href=\"#\"><\/a><a class=\"porto-icon fab fa-linkedin-in advanced\"  style=\"color:#333333;border-style:solid;border-color:#e7e7e7;border-width:1px;width:46px;height:46px;line-height:46px;border-radius:24px;font-size:15px;margin-right:2px;\" href=\"#\"><\/a><\/div>[\/vc_column][\/vc_row]<\/p>\n<\/div>","protected":false},"featured_media":0,"menu_order":5,"template":"","member_cat":[64],"class_list":["post-1371","member","type-member","status-publish","hentry","member_cat-is-birligi-yapan-avukatlar"],"acf":[],"_links":{"self":[{"href":"https:\/\/sanas-legal.de\/tr\/wp-json\/wp\/v2\/member\/1371","targetHints":{"allow":["GET"]}}],"collection":[{"href":"https:\/\/sanas-legal.de\/tr\/wp-json\/wp\/v2\/member"}],"about":[{"href":"https:\/\/sanas-legal.de\/tr\/wp-json\/wp\/v2\/types\/member"}],"wp:attachment":[{"href":"https:\/\/sanas-legal.de\/tr\/wp-json\/wp\/v2\/media?parent=1371"}],"wp:term":[{"taxonomy":"member_cat","embeddable":true,"href":"https:\/\/sanas-legal.de\/tr\/wp-json\/wp\/v2\/member_cat?post=1371"}],"curies":[{"name":"wp","href":"https:\/\/api.w.org\/{rel}","templated":true}]}}

Ayşe Nal-Roskos

<div class="wpb-content-wrapper"><p>[vc_row css=&#8221;.vc_custom_1608603959337{margin-top: 45px !important;margin-bottom: 30px !important;}&#8221;][vc_column animation_delay=&#8221;200&#8243; offset=&#8221;vc_col-md-4&#8243; el_class=&#8221;pb-4 pb-lg-0 contact-info&#8221; animation_type=&#8221;fadeInUp&#8221;]<div class="porto-ultimate-content-box-container custom-box-shadow pb-5 mb-5"><style>.porto_ucb_21b6bf01188be9ba0119a2cb5c097588{will-change: box-shadow;box-shadow: none;}.porto_ucb_21b6bf01188be9ba0119a2cb5c097588:hover{box-shadow:none}</style><div class="porto-ultimate-content-box porto_ucb_21b6bf01188be9ba0119a2cb5c097588" style="">[vc_single_image image=&#8221;1372&#8243; img_size=&#8221;400&#215;400&#8243; alignment=&#8221;center&#8221; css=&#8221;.vc_custom_1716799386484{background-color: #f4f4f4 !important;}&#8221;][vc_custom_heading text=&#8221;Ayşe Nal-Roskos&#8221; font_container=&#8221;tag:h3|font_size:1.5em|text_align:center|line_height:1&#8243; use_theme_fonts=&#8221;yes&#8221; text_transform=&#8221;text-capitalize&#8221; font_weight=&#8221;600&#8243; letter_spacing=&#8221;-0.05em&#8221; el_class=&#8221;px-4 mb-1&#8243;][vc_custom_heading text=&#8221;Avukat&#8221; font_container=&#8221;tag:p|text_align:center|color:%23969696&#8243; use_theme_fonts=&#8221;yes&#8221; text_transform=&#8221;text-uppercase&#8221; letter_spacing=&#8221;2.5px&#8221; el_class=&#8221;px-4 mb-3&#8243;]</div></div>[vc_separator color=&#8221;custom&#8221; style=&#8221;solid&#8221; el_class=&#8221;mb-4&#8243;][/vc_column][vc_column animation_delay=&#8221;400&#8243; offset=&#8221;vc_col-md-8&#8243; animation_type=&#8221;fadeInUp&#8221;][vc_custom_heading text=&#8221;Uzmanlık alanları&#8221; font_container=&#8221;tag:h2|font_size:1.65em|text_align:left|line_height:24px&#8221; use_theme_fonts=&#8221;yes&#8221; font_weight=&#8221;700&#8243; letter_spacing=&#8221;-0.05em&#8221; el_class=&#8221;mb-2 font-style-normal&#8221;][vc_column_text]</p>
<ul class="custom_list bullet_6">
<li>Yabancılar hukuku (vize işlemleri, aile birleşimi vb.)</li>
<li>Yabancı diplomaların denklik işlemleri</li>
<li>Vatandaşlık hukuku</li>
<li>İflas hukuku (özellikle tüketici iflası)</li>
<li>Vergi hukuku (özellikle çocuk parası işlemleri)</li>
</ul>
<p>[/vc_column_text][vc_custom_heading text=&#8221;Üyelikler&#8221; font_container=&#8221;tag:h2|font_size:1.65em|text_align:left|line_height:24px&#8221; use_theme_fonts=&#8221;yes&#8221; font_weight=&#8221;700&#8243; letter_spacing=&#8221;-0.05em&#8221; el_class=&#8221;mb-2 font-style-normal&#8221;][vc_column_text]Frankfurt am Main Barosu[/vc_column_text][vc_custom_heading text=&#8221;Özgeçmiş / Bilgiler&#8221; font_container=&#8221;tag:h2|font_size:1.65em|text_align:left|line_height:24px&#8221; use_theme_fonts=&#8221;yes&#8221; font_weight=&#8221;700&#8243; letter_spacing=&#8221;-0.05em&#8221; el_class=&#8221;mb-2 font-style-normal&#8221;][vc_column_text]Türkiye’de doğan Ayşe Nal-Roskos Hanım, 1968 yılında ilkokul çağında Almanya’ya gelmiş ve Münih’te büyümüştür.</p>
<p>İnşaat teknik ressamı olarak mesleki eğitimini tamamladıktan sonra, ikinci eğitim yoluyla Abitur’u almış ve ardından ABD’deki yurt dışı kalışlarıyla kesintiye uğrayan süreçte Münih’teki Ludwig-Maximilians Üniversitesi’nde ve Köln Üniversitesi’nde hukuk eğitimi almıştır. Eğitimini Köln’de birinci devlet sınavı ile tamamlamıştır. İkinci devlet sınavını Frankfurt am Main’daki Yüksek Eyalet Mahkemesi (OLG) bölgesinde tamamlamış ve ikinci hukuk devlet sınavını vermiştir.</p>
<p>Staj döneminde dahi serbest çalışan olarak hukuki alanda faaliyet gösteren Nal-Roskos Hanım, 2007 yılında kendi hukuk bürosunu kurmuştur. Frankfurt’taki avukatlık bürosunun yanı sıra, 2009 yılından bu yana Münih’teki SANAS hukuk bürosunda da serbest çalışan avukat olarak görev yapmaktadır.</p>
<p>Almanca, Türkçe ve İngilizce yazışma yapmaktadır.</p>
<p>Özel hayatında Nal-Roskos Hanım tarih, siyaset, sanat ve yemek pişirmeye ilgi duymaktadır.[/vc_column_text][vc_empty_space height=&#8221;17&#8243;][vc_custom_heading text=&#8221;Benimle iletişime geçiniz&#8221; font_container=&#8221;tag:h2|font_size:1.65em|text_align:left|line_height:24px&#8221; use_theme_fonts=&#8221;yes&#8221; font_weight=&#8221;700&#8243; letter_spacing=&#8221;-0.05em&#8221; el_class=&#8221;mb-2 font-style-normal&#8221;][vc_empty_space height=&#8221;17&#8243;][vc_row_inner][vc_column_inner]<a aria-label="Telefon" class="porto-sicon-box-link" href="#"><div class="porto-sicon-box  wpb_custom_860683fe6d5975d7b2cff563f7366f5c style_1 default-icon"><div class="porto-sicon-default"><div class="porto-just-icon-wrapper porto-icon none" style="color:#1f4c3b;font-size:31px;"><i class="Simple-Line-Icons-phone"></i></div></div><div class="porto-sicon-header"><h4 class="porto-sicon-title" style="font-weight:700;font-size:1em;color:#212529;line-height:1;">Telefon</h4><p style="line-height:1.6;color:#777777;">089 / 189 313 40</p></div> <!-- header --></div><!-- porto-sicon-box --></a><a aria-label="E-posta adresi" class="porto-sicon-box-link" href="#"><div class="porto-sicon-box py-2 my-4  wpb_custom_860683fe6d5975d7b2cff563f7366f5c style_1 default-icon"><div class="porto-sicon-default"><div class="porto-just-icon-wrapper porto-icon none" style="color:#1f4c3b;font-size:32px;"><i class="Simple-Line-Icons-envelope"></i></div></div><div class="porto-sicon-header"><h4 class="porto-sicon-title" style="font-weight:700;font-size:1em;color:#212529;line-height:1;">E-posta adresi</h4><p style="line-height:1.6;color:#777777;">info@sanas-legal.de</p></div> <!-- header --></div><!-- porto-sicon-box --></a><div class="porto-sicon-box  wpb_custom_860683fe6d5975d7b2cff563f7366f5c style_1 default-icon"><div class="porto-sicon-default"><div class="porto-just-icon-wrapper porto-icon none" style="color:#1f4c3b;font-size:31px;"><i class="Simple-Line-Icons-calendar"></i></div></div><div class="porto-sicon-header"><h4 class="porto-sicon-title" style="font-weight:700;font-size:1em;color:#212529;line-height:1;">Danışma saatleri</h4><p style="line-height:1.6;color:#777777;">Pzt - Cum: 09:00 - 17:45</p></div> <!-- header --></div><!-- porto-sicon-box -->[/vc_column_inner][/vc_row_inner]<div class="porto-u-icons mb-4"><a class="porto-icon fab fa-facebook-f advanced"  style="color:#333333;border-style:solid;border-color:#e7e7e7;border-width:1px;width:46px;height:46px;line-height:46px;border-radius:24px;font-size:15px;" href="#"></a><a class="porto-icon fab fa-twitter advanced"  style="color:#333333;border-style:solid;border-color:#e7e7e7;border-width:1px;width:46px;height:46px;line-height:46px;border-radius:24px;font-size:15px;margin-right:2px;" href="#"></a><a class="porto-icon fab fa-linkedin-in advanced"  style="color:#333333;border-style:solid;border-color:#e7e7e7;border-width:1px;width:46px;height:46px;line-height:46px;border-radius:24px;font-size:15px;margin-right:2px;" href="#"></a></div>[/vc_column][/vc_row]</p>
</div>
