{"id":1396,"date":"2024-02-23T02:32:55","date_gmt":"2024-02-23T01:32:55","guid":{"rendered":"https:\/\/sanas-legal.de\/member\/serdal-altuntas\/"},"modified":"2026-02-28T12:27:21","modified_gmt":"2026-02-28T11:27:21","slug":"serdal-altuntas","status":"publish","type":"member","link":"https:\/\/sanas-legal.de\/tr\/member\/serdal-altuntas\/","title":{"rendered":"Serdal Altunta\u015f"},"content":{"rendered":"<div class=\"wpb-content-wrapper\"><p>[vc_row css=&#8221;.vc_custom_1608603959337{margin-top: 45px !important;margin-bottom: 30px !important;}&#8221;][vc_column animation_delay=&#8221;200&#8243; offset=&#8221;vc_col-md-4&#8243; el_class=&#8221;pb-4 pb-lg-0 contact-info&#8221; animation_type=&#8221;fadeInUp&#8221;]<div class=\"porto-ultimate-content-box-container custom-box-shadow pb-5 mb-5\"><style>.porto_ucb_21b6bf01188be9ba0119a2cb5c097588{will-change: box-shadow;box-shadow: none;}.porto_ucb_21b6bf01188be9ba0119a2cb5c097588:hover{box-shadow:none}<\/style><div class=\"porto-ultimate-content-box porto_ucb_21b6bf01188be9ba0119a2cb5c097588\" style=\"\">[vc_single_image image=&#8221;1398&#8243; img_size=&#8221;full&#8221; alignment=&#8221;center&#8221; css=&#8221;.vc_custom_1715068005297{background-color: #f4f4f4 !important;}&#8221; el_class=&#8221;mb-5&#8243;][vc_custom_heading text=&#8221;Serdal Altunta\u015f&#8221; font_container=&#8221;tag:h3|font_size:1.5em|text_align:center|line_height:1&#8243; use_theme_fonts=&#8221;yes&#8221; text_transform=&#8221;text-capitalize&#8221; font_weight=&#8221;600&#8243; letter_spacing=&#8221;-0.05em&#8221; el_class=&#8221;px-4 mb-1&#8243;][vc_custom_heading text=&#8221;Avukat, Konsoloslu\u011fun g\u00fcven ki\u015fisi, T\u00fcrkiye Cumhuriyeti\/M\u00fcnih Ba\u015fkonsoloslu\u011fu\u2019nun g\u00fcven avukat\u0131&#8221; font_container=&#8221;tag:p|text_align:center|color:%23969696&#8243; use_theme_fonts=&#8221;yes&#8221; text_transform=&#8221;text-uppercase&#8221; letter_spacing=&#8221;2.5px&#8221; el_class=&#8221;px-4 mb-3&#8243;]<\/div><\/div>[vc_separator color=&#8221;custom&#8221; style=&#8221;solid&#8221; el_class=&#8221;mb-4&#8243;][\/vc_column][vc_column animation_delay=&#8221;400&#8243; offset=&#8221;vc_col-md-8&#8243; animation_type=&#8221;fadeInUp&#8221;][vc_custom_heading text=&#8221;Uzmanl\u0131k alanlar\u0131&#8221; font_container=&#8221;tag:h2|font_size:1.65em|text_align:left|line_height:24px&#8221; use_theme_fonts=&#8221;yes&#8221; font_weight=&#8221;700&#8243; letter_spacing=&#8221;-0.05em&#8221; el_class=&#8221;mb-2 font-style-normal&#8221;][vc_column_text]<\/p>\n<ul class=\"custom_list bullet_6\">\n<li>Ticaret ve \u015firketler hukuku<\/li>\n<li>Ticari kira hukuku<\/li>\n<li>\u0130cra hukuku \/ tahsilat \/ alacak y\u00f6netimi<\/li>\n<\/ul>\n<p>[\/vc_column_text][vc_custom_heading text=&#8221;\u00dcyelikler&#8221; font_container=&#8221;tag:h2|font_size:1.65em|text_align:left|line_height:24px&#8221; use_theme_fonts=&#8221;yes&#8221; font_weight=&#8221;700&#8243; letter_spacing=&#8221;-0.05em&#8221; el_class=&#8221;mb-2 font-style-normal&#8221;][vc_column_text]M\u00fcnih Barosu, Alman Barolar Birli\u011fi, M\u00fcnih Avukatlar Derne\u011fi, Gen\u00e7 Avukatl\u0131k Forumu, Alman\u2013T\u00fcrk Hukuk\u00e7ular Derne\u011fi[\/vc_column_text][vc_custom_heading text=&#8221;\u00d6zge\u00e7mi\u015f \/ Bilgiler&#8221; font_container=&#8221;tag:h2|font_size:1.65em|text_align:left|line_height:24px&#8221; use_theme_fonts=&#8221;yes&#8221; font_weight=&#8221;700&#8243; letter_spacing=&#8221;-0.05em&#8221; el_class=&#8221;mb-2 font-style-normal&#8221;][vc_column_text]Avukat Serdal Altunta\u015f, SANAS Rechtsanw\u00e4lte hukuk b\u00fcrosunun kurucu orta\u011f\u0131d\u0131r.<\/p>\n<p>11.03.1975 tarihinde Bavyera\/Forchheim\u2019da do\u011fmu\u015f olup evlidir.<\/p>\n<p>Forchheim\u2019daki (Oberfranken) Ehrenb\u00fcrg-Gymnasium\u2019da \u00fcniversiteye giri\u015f yeterlili\u011fini ald\u0131ktan sonra, Sayle \u00fczerindeki Halle, Erlangen ve M\u00fcnih\u2019te hukuk \u00f6\u011frenimi g\u00f6rm\u00fc\u015f ve 2004 y\u0131l\u0131nda 1. Devlet S\u0131nav\u0131 ile mezun olmu\u015ftur.<\/p>\n<p>Staj\u0131n\u0131 ve 2. hukuk Devlet S\u0131nav\u0131\u2019n\u0131 M\u00fcnih Y\u00fcksek Eyalet Mahkemesi (OLG) b\u00f6lgesinde tamamlam\u0131\u015f ve 2007 y\u0131l\u0131nda bitirmi\u015ftir.<\/p>\n<p>Avukat Serdal Altunta\u015f, ard\u0131ndan 2008 y\u0131l\u0131 sonuna kadar serbest avukat olarak \u00e7al\u0131\u015fm\u0131\u015ft\u0131r.<\/p>\n<p>Altunta\u015f, \u00f6\u011frenimi ve staj\u0131 s\u0131ras\u0131nda, \u00e7e\u015fitli kendi \u015firketlerini kurarak ve eczac\u0131l\u0131k e\u011fitimi alm\u0131\u015f e\u015fi taraf\u0131ndan sa\u011flanan g\u00fc\u00e7l\u00fc hukuki ve organizasyonel destekle M\u00fcnih\u2019te \u00fc\u00e7 eczanenin kurulu\u015funda ba\u015far\u0131l\u0131 olmu\u015ftur.<\/p>\n<p>Bu giri\u015fimcilik deneyimleri, Avukat Serdal Altunta\u015f\u2019\u0131n \u00f6zellikle \u015firket kurulu\u015funun pratik y\u00f6nlerini daha iyi kavramas\u0131na ve m\u00fcvekkillerini ticaret ve \u015firketler hukuku alan\u0131nda kapsaml\u0131 \u015fekilde dan\u0131\u015fmanl\u0131kla desteklemesine yard\u0131mc\u0131 olmaktad\u0131r.<\/p>\n<p>Bu hukuk alanlar\u0131n\u0131n yan\u0131 s\u0131ra, Altunta\u015f SANAS Rechtsanw\u00e4lte b\u00fcnyesinde a\u011f\u0131rl\u0131kl\u0131 olarak ticari kira hukuku ve yabanc\u0131lar hukuku alanlar\u0131nda \u00e7al\u0131\u015fmaktad\u0131r. Ayr\u0131ca Altunta\u015f, icra \/ alacak y\u00f6netimi alan\u0131nda da faaliyet g\u00f6stermektedir. <\/p>\n<p>Serdal Altunta\u015f, Almanca, T\u00fcrk\u00e7e ve \u0130ngilizce dillerinde yaz\u0131\u015fma yapmaktad\u0131r.<\/p>\n<p>Avukatl\u0131k faaliyetinin yan\u0131 s\u0131ra Serdal Altunta\u015f, siyaset ve k\u00fclt\u00fcrle ilgilenmektedir.[\/vc_column_text][vc_empty_space height=&#8221;17&#8243;][vc_custom_heading text=&#8221;Benimle ileti\u015fime ge\u00e7iniz&#8221; font_container=&#8221;tag:h2|font_size:1.65em|text_align:left|line_height:24px&#8221; use_theme_fonts=&#8221;yes&#8221; font_weight=&#8221;700&#8243; letter_spacing=&#8221;-0.05em&#8221; el_class=&#8221;mb-2 font-style-normal&#8221;][vc_empty_space height=&#8221;17&#8243;][vc_row_inner][vc_column_inner]<a aria-label=\"Telefon\" class=\"porto-sicon-box-link\" href=\"#\"><div class=\"porto-sicon-box  wpb_custom_860683fe6d5975d7b2cff563f7366f5c style_1 default-icon\"><div class=\"porto-sicon-default\"><div class=\"porto-just-icon-wrapper porto-icon none\" style=\"color:#1f4c3b;font-size:31px;\"><i class=\"Simple-Line-Icons-phone\"><\/i><\/div><\/div><div class=\"porto-sicon-header\"><h4 class=\"porto-sicon-title\" style=\"font-weight:700;font-size:1em;color:#212529;line-height:1;\">Telefon<\/h4><p style=\"line-height:1.6;color:#777777;\">089 \/ 189 313 40<\/p><\/div> <!-- header --><\/div><!-- porto-sicon-box --><\/a><a aria-label=\"E-posta adresi\" class=\"porto-sicon-box-link\" href=\"#\"><div class=\"porto-sicon-box py-2 my-4  wpb_custom_860683fe6d5975d7b2cff563f7366f5c style_1 default-icon\"><div class=\"porto-sicon-default\"><div class=\"porto-just-icon-wrapper porto-icon none\" style=\"color:#1f4c3b;font-size:32px;\"><i class=\"Simple-Line-Icons-envelope\"><\/i><\/div><\/div><div class=\"porto-sicon-header\"><h4 class=\"porto-sicon-title\" style=\"font-weight:700;font-size:1em;color:#212529;line-height:1;\">E-posta adresi<\/h4><p style=\"line-height:1.6;color:#777777;\">altuntas@sanas-legal.de<\/p><\/div> <!-- header --><\/div><!-- porto-sicon-box --><\/a><div class=\"porto-sicon-box  wpb_custom_860683fe6d5975d7b2cff563f7366f5c style_1 default-icon\"><div class=\"porto-sicon-default\"><div class=\"porto-just-icon-wrapper porto-icon none\" style=\"color:#1f4c3b;font-size:31px;\"><i class=\"Simple-Line-Icons-calendar\"><\/i><\/div><\/div><div class=\"porto-sicon-header\"><h4 class=\"porto-sicon-title\" style=\"font-weight:700;font-size:1em;color:#212529;line-height:1;\">Dan\u0131\u015fma saatleri<\/h4><p style=\"line-height:1.6;color:#777777;\">Pzt - Cum: 09:00 - 18:00<\/p><\/div> <!-- header --><\/div><!-- porto-sicon-box -->[\/vc_column_inner][\/vc_row_inner]<div class=\"porto-u-icons mb-4\"><a class=\"porto-icon fab fa-facebook-f advanced\"  style=\"color:#333333;border-style:solid;border-color:#e7e7e7;border-width:1px;width:46px;height:46px;line-height:46px;border-radius:24px;font-size:15px;\" href=\"#\"><\/a><a class=\"porto-icon fab fa-twitter advanced\"  style=\"color:#333333;border-style:solid;border-color:#e7e7e7;border-width:1px;width:46px;height:46px;line-height:46px;border-radius:24px;font-size:15px;margin-right:2px;\" href=\"#\"><\/a><a class=\"porto-icon fab fa-linkedin-in advanced\"  style=\"color:#333333;border-style:solid;border-color:#e7e7e7;border-width:1px;width:46px;height:46px;line-height:46px;border-radius:24px;font-size:15px;margin-right:2px;\" href=\"#\"><\/a><\/div>[\/vc_column][\/vc_row]<\/p>\n<\/div>","protected":false},"featured_media":0,"menu_order":3,"template":"","member_cat":[68,69],"class_list":["post-1396","member","type-member","status-publish","hentry","member_cat-muenih-tuerkiye-baskonsoloslugu-gueven-avukatlari","member_cat-ortak"],"acf":[],"_links":{"self":[{"href":"https:\/\/sanas-legal.de\/tr\/wp-json\/wp\/v2\/member\/1396","targetHints":{"allow":["GET"]}}],"collection":[{"href":"https:\/\/sanas-legal.de\/tr\/wp-json\/wp\/v2\/member"}],"about":[{"href":"https:\/\/sanas-legal.de\/tr\/wp-json\/wp\/v2\/types\/member"}],"wp:attachment":[{"href":"https:\/\/sanas-legal.de\/tr\/wp-json\/wp\/v2\/media?parent=1396"}],"wp:term":[{"taxonomy":"member_cat","embeddable":true,"href":"https:\/\/sanas-legal.de\/tr\/wp-json\/wp\/v2\/member_cat?post=1396"}],"curies":[{"name":"wp","href":"https:\/\/api.w.org\/{rel}","templated":true}]}}

Serdal Altuntaş

<div class="wpb-content-wrapper"><p>[vc_row css=&#8221;.vc_custom_1608603959337{margin-top: 45px !important;margin-bottom: 30px !important;}&#8221;][vc_column animation_delay=&#8221;200&#8243; offset=&#8221;vc_col-md-4&#8243; el_class=&#8221;pb-4 pb-lg-0 contact-info&#8221; animation_type=&#8221;fadeInUp&#8221;]<div class="porto-ultimate-content-box-container custom-box-shadow pb-5 mb-5"><style>.porto_ucb_21b6bf01188be9ba0119a2cb5c097588{will-change: box-shadow;box-shadow: none;}.porto_ucb_21b6bf01188be9ba0119a2cb5c097588:hover{box-shadow:none}</style><div class="porto-ultimate-content-box porto_ucb_21b6bf01188be9ba0119a2cb5c097588" style="">[vc_single_image image=&#8221;1398&#8243; img_size=&#8221;full&#8221; alignment=&#8221;center&#8221; css=&#8221;.vc_custom_1715068005297{background-color: #f4f4f4 !important;}&#8221; el_class=&#8221;mb-5&#8243;][vc_custom_heading text=&#8221;Serdal Altuntaş&#8221; font_container=&#8221;tag:h3|font_size:1.5em|text_align:center|line_height:1&#8243; use_theme_fonts=&#8221;yes&#8221; text_transform=&#8221;text-capitalize&#8221; font_weight=&#8221;600&#8243; letter_spacing=&#8221;-0.05em&#8221; el_class=&#8221;px-4 mb-1&#8243;][vc_custom_heading text=&#8221;Avukat, Konsolosluğun güven kişisi, Türkiye Cumhuriyeti/Münih Başkonsolosluğu’nun güven avukatı&#8221; font_container=&#8221;tag:p|text_align:center|color:%23969696&#8243; use_theme_fonts=&#8221;yes&#8221; text_transform=&#8221;text-uppercase&#8221; letter_spacing=&#8221;2.5px&#8221; el_class=&#8221;px-4 mb-3&#8243;]</div></div>[vc_separator color=&#8221;custom&#8221; style=&#8221;solid&#8221; el_class=&#8221;mb-4&#8243;][/vc_column][vc_column animation_delay=&#8221;400&#8243; offset=&#8221;vc_col-md-8&#8243; animation_type=&#8221;fadeInUp&#8221;][vc_custom_heading text=&#8221;Uzmanlık alanları&#8221; font_container=&#8221;tag:h2|font_size:1.65em|text_align:left|line_height:24px&#8221; use_theme_fonts=&#8221;yes&#8221; font_weight=&#8221;700&#8243; letter_spacing=&#8221;-0.05em&#8221; el_class=&#8221;mb-2 font-style-normal&#8221;][vc_column_text]</p>
<ul class="custom_list bullet_6">
<li>Ticaret ve şirketler hukuku</li>
<li>Ticari kira hukuku</li>
<li>İcra hukuku / tahsilat / alacak yönetimi</li>
</ul>
<p>[/vc_column_text][vc_custom_heading text=&#8221;Üyelikler&#8221; font_container=&#8221;tag:h2|font_size:1.65em|text_align:left|line_height:24px&#8221; use_theme_fonts=&#8221;yes&#8221; font_weight=&#8221;700&#8243; letter_spacing=&#8221;-0.05em&#8221; el_class=&#8221;mb-2 font-style-normal&#8221;][vc_column_text]Münih Barosu, Alman Barolar Birliği, Münih Avukatlar Derneği, Genç Avukatlık Forumu, Alman–Türk Hukukçular Derneği[/vc_column_text][vc_custom_heading text=&#8221;Özgeçmiş / Bilgiler&#8221; font_container=&#8221;tag:h2|font_size:1.65em|text_align:left|line_height:24px&#8221; use_theme_fonts=&#8221;yes&#8221; font_weight=&#8221;700&#8243; letter_spacing=&#8221;-0.05em&#8221; el_class=&#8221;mb-2 font-style-normal&#8221;][vc_column_text]Avukat Serdal Altuntaş, SANAS Rechtsanwälte hukuk bürosunun kurucu ortağıdır.</p>
<p>11.03.1975 tarihinde Bavyera/Forchheim’da doğmuş olup evlidir.</p>
<p>Forchheim’daki (Oberfranken) Ehrenbürg-Gymnasium’da üniversiteye giriş yeterliliğini aldıktan sonra, Sayle üzerindeki Halle, Erlangen ve Münih’te hukuk öğrenimi görmüş ve 2004 yılında 1. Devlet Sınavı ile mezun olmuştur.</p>
<p>Stajını ve 2. hukuk Devlet Sınavı’nı Münih Yüksek Eyalet Mahkemesi (OLG) bölgesinde tamamlamış ve 2007 yılında bitirmiştir.</p>
<p>Avukat Serdal Altuntaş, ardından 2008 yılı sonuna kadar serbest avukat olarak çalışmıştır.</p>
<p>Altuntaş, öğrenimi ve stajı sırasında, çeşitli kendi şirketlerini kurarak ve eczacılık eğitimi almış eşi tarafından sağlanan güçlü hukuki ve organizasyonel destekle Münih’te üç eczanenin kuruluşunda başarılı olmuştur.</p>
<p>Bu girişimcilik deneyimleri, Avukat Serdal Altuntaş’ın özellikle şirket kuruluşunun pratik yönlerini daha iyi kavramasına ve müvekkillerini ticaret ve şirketler hukuku alanında kapsamlı şekilde danışmanlıkla desteklemesine yardımcı olmaktadır.</p>
<p>Bu hukuk alanlarının yanı sıra, Altuntaş SANAS Rechtsanwälte bünyesinde ağırlıklı olarak ticari kira hukuku ve yabancılar hukuku alanlarında çalışmaktadır. Ayrıca Altuntaş, icra / alacak yönetimi alanında da faaliyet göstermektedir. </p>
<p>Serdal Altuntaş, Almanca, Türkçe ve İngilizce dillerinde yazışma yapmaktadır.</p>
<p>Avukatlık faaliyetinin yanı sıra Serdal Altuntaş, siyaset ve kültürle ilgilenmektedir.[/vc_column_text][vc_empty_space height=&#8221;17&#8243;][vc_custom_heading text=&#8221;Benimle iletişime geçiniz&#8221; font_container=&#8221;tag:h2|font_size:1.65em|text_align:left|line_height:24px&#8221; use_theme_fonts=&#8221;yes&#8221; font_weight=&#8221;700&#8243; letter_spacing=&#8221;-0.05em&#8221; el_class=&#8221;mb-2 font-style-normal&#8221;][vc_empty_space height=&#8221;17&#8243;][vc_row_inner][vc_column_inner]<a aria-label="Telefon" class="porto-sicon-box-link" href="#"><div class="porto-sicon-box  wpb_custom_860683fe6d5975d7b2cff563f7366f5c style_1 default-icon"><div class="porto-sicon-default"><div class="porto-just-icon-wrapper porto-icon none" style="color:#1f4c3b;font-size:31px;"><i class="Simple-Line-Icons-phone"></i></div></div><div class="porto-sicon-header"><h4 class="porto-sicon-title" style="font-weight:700;font-size:1em;color:#212529;line-height:1;">Telefon</h4><p style="line-height:1.6;color:#777777;">089 / 189 313 40</p></div> <!-- header --></div><!-- porto-sicon-box --></a><a aria-label="E-posta adresi" class="porto-sicon-box-link" href="#"><div class="porto-sicon-box py-2 my-4  wpb_custom_860683fe6d5975d7b2cff563f7366f5c style_1 default-icon"><div class="porto-sicon-default"><div class="porto-just-icon-wrapper porto-icon none" style="color:#1f4c3b;font-size:32px;"><i class="Simple-Line-Icons-envelope"></i></div></div><div class="porto-sicon-header"><h4 class="porto-sicon-title" style="font-weight:700;font-size:1em;color:#212529;line-height:1;">E-posta adresi</h4><p style="line-height:1.6;color:#777777;">altuntas@sanas-legal.de</p></div> <!-- header --></div><!-- porto-sicon-box --></a><div class="porto-sicon-box  wpb_custom_860683fe6d5975d7b2cff563f7366f5c style_1 default-icon"><div class="porto-sicon-default"><div class="porto-just-icon-wrapper porto-icon none" style="color:#1f4c3b;font-size:31px;"><i class="Simple-Line-Icons-calendar"></i></div></div><div class="porto-sicon-header"><h4 class="porto-sicon-title" style="font-weight:700;font-size:1em;color:#212529;line-height:1;">Danışma saatleri</h4><p style="line-height:1.6;color:#777777;">Pzt - Cum: 09:00 - 18:00</p></div> <!-- header --></div><!-- porto-sicon-box -->[/vc_column_inner][/vc_row_inner]<div class="porto-u-icons mb-4"><a class="porto-icon fab fa-facebook-f advanced"  style="color:#333333;border-style:solid;border-color:#e7e7e7;border-width:1px;width:46px;height:46px;line-height:46px;border-radius:24px;font-size:15px;" href="#"></a><a class="porto-icon fab fa-twitter advanced"  style="color:#333333;border-style:solid;border-color:#e7e7e7;border-width:1px;width:46px;height:46px;line-height:46px;border-radius:24px;font-size:15px;margin-right:2px;" href="#"></a><a class="porto-icon fab fa-linkedin-in advanced"  style="color:#333333;border-style:solid;border-color:#e7e7e7;border-width:1px;width:46px;height:46px;line-height:46px;border-radius:24px;font-size:15px;margin-right:2px;" href="#"></a></div>[/vc_column][/vc_row]</p>
</div>
