{"id":1399,"date":"2024-02-23T02:58:16","date_gmt":"2024-02-23T01:58:16","guid":{"rendered":"https:\/\/sanas-legal.de\/member\/gueldane-sen\/"},"modified":"2026-02-28T12:27:21","modified_gmt":"2026-02-28T11:27:21","slug":"gueldane-sen","status":"publish","type":"member","link":"https:\/\/sanas-legal.de\/tr\/member\/gueldane-sen\/","title":{"rendered":"G\u00fcldane \u015een"},"content":{"rendered":"<div class=\"wpb-content-wrapper\"><p>[vc_row css=&#8221;.vc_custom_1608603959337{margin-top: 45px !important;margin-bottom: 30px !important;}&#8221;][vc_column animation_delay=&#8221;200&#8243; offset=&#8221;vc_col-md-4&#8243; el_class=&#8221;pb-4 pb-lg-0 contact-info&#8221; animation_type=&#8221;fadeInUp&#8221;]<div class=\"porto-ultimate-content-box-container custom-box-shadow pb-5 mb-5\"><style>.porto_ucb_21b6bf01188be9ba0119a2cb5c097588{will-change: box-shadow;box-shadow: none;}.porto_ucb_21b6bf01188be9ba0119a2cb5c097588:hover{box-shadow:none}<\/style><div class=\"porto-ultimate-content-box porto_ucb_21b6bf01188be9ba0119a2cb5c097588\" style=\"\">[vc_single_image image=&#8221;1401&#8243; img_size=&#8221;400&#215;400&#8243; alignment=&#8221;center&#8221; css=&#8221;.vc_custom_1715067837641{background-color: #f4f4f4 !important;}&#8221;][vc_custom_heading text=&#8221;G\u00fcldane \u015een&#8221; font_container=&#8221;tag:h3|font_size:1.5em|text_align:center|line_height:1&#8243; use_theme_fonts=&#8221;yes&#8221; text_transform=&#8221;text-capitalize&#8221; font_weight=&#8221;600&#8243; letter_spacing=&#8221;-0.05em&#8221; el_class=&#8221;px-4 mb-1&#8243;][vc_custom_heading text=&#8221;Avukat&#8221; font_container=&#8221;tag:p|text_align:center|color:%23969696&#8243; use_theme_fonts=&#8221;yes&#8221; text_transform=&#8221;text-uppercase&#8221; letter_spacing=&#8221;2.5px&#8221; el_class=&#8221;px-4 mb-3&#8243;]<\/div><\/div>[vc_separator color=&#8221;custom&#8221; style=&#8221;solid&#8221; el_class=&#8221;mb-4&#8243;][\/vc_column][vc_column animation_delay=&#8221;400&#8243; offset=&#8221;vc_col-md-8&#8243; animation_type=&#8221;fadeInUp&#8221;][vc_custom_heading text=&#8221;Uzmanl\u0131k Alanlar\u0131&#8221; font_container=&#8221;tag:h2|font_size:1.65em|text_align:left|line_height:24px&#8221; use_theme_fonts=&#8221;yes&#8221; font_weight=&#8221;700&#8243; letter_spacing=&#8221;-0.05em&#8221; el_class=&#8221;mb-2 font-style-normal&#8221;][vc_column_text]<\/p>\n<ul class=\"custom_list bullet_6\">\n<li>Nitelikli i\u015fg\u00fcc\u00fc g\u00f6\u00e7\u00fc ve ortakl\u0131k hukuku odakl\u0131 yabanc\u0131lar hukuku<\/li>\n<li>Vergi Hukuku<\/li>\n<li>\u0130\u015f Hukuku<\/li>\n<li>Genel Medeni Hukuk<\/li>\n<li>Trafik Hukuku (\u00f6rn. trafik kazas\u0131 i\u015flemleri)<\/li>\n<li>Kabahatler Hukuku<\/li>\n<\/ul>\n<p>[\/vc_column_text][vc_custom_heading text=&#8221;\u00dcyelikler&#8221; font_container=&#8221;tag:h2|font_size:1.65em|text_align:left|line_height:24px&#8221; use_theme_fonts=&#8221;yes&#8221; font_weight=&#8221;700&#8243; letter_spacing=&#8221;-0.05em&#8221; el_class=&#8221;mb-2 font-style-normal&#8221;][vc_column_text]M\u00fcnih Barosu[\/vc_column_text][vc_custom_heading text=&#8221;\u00d6zge\u00e7mi\u015f \/ Bilgiler&#8221; font_container=&#8221;tag:h2|font_size:1.65em|text_align:left|line_height:24px&#8221; use_theme_fonts=&#8221;yes&#8221; font_weight=&#8221;700&#8243; letter_spacing=&#8221;-0.05em&#8221; el_class=&#8221;mb-2 font-style-normal&#8221;][vc_column_text]G\u00fcldane \u015een, evlilik \u00f6ncesi soyad\u0131 Alt\u0131nalan, 1990 y\u0131l\u0131nda M\u00fcnih&#8217;te do\u011fmu\u015f ve b\u00fcy\u00fcm\u00fc\u015ft\u00fcr. <\/p>\n<p>Bayan \u015een, ba\u015flang\u0131\u00e7ta sigorta ve finans alan\u0131nda e\u011fitimini tamamlam\u0131\u015ft\u0131r. Bu s\u00fcre\u00e7te yasalara olan tutkusunu ke\u015ffetmi\u015f ve ard\u0131ndan hukuk e\u011fitimine ba\u015flam\u0131\u015ft\u0131r. Buna paralel olarak, T\u00fcrk lisesini d\u0131\u015far\u0131dan bitirmi\u015ftir.  <\/p>\n<p>LMU M\u00fcnih&#8217;te hukuk e\u011fitimi alm\u0131\u015f ve 2020 y\u0131l\u0131nda 1. Devlet S\u0131nav\u0131&#8217;n\u0131 tamamlam\u0131\u015ft\u0131r. E\u011fitimi s\u0131ras\u0131nda Bayan \u015een, Beck Yay\u0131nevi&#8217;nde yabanc\u0131lar ve telif haklar\u0131 hukuku alan\u0131nda bilimsel asistan olarak \u00e7al\u0131\u015fm\u0131\u015ft\u0131r. <\/p>\n<p>Bayan \u015een, staj\u0131n\u0131 M\u00fcnih Y\u00fcksek B\u00f6lge Mahkemesi (OLG) b\u00f6lgesinde yapm\u0131\u015ft\u0131r. Staj\u0131 s\u0131ras\u0131nda avukatl\u0131k mesle\u011fine ilgi duydu\u011fu i\u00e7in staj\u0131n\u0131 b\u00fcromuzda tamamlam\u0131\u015ft\u0131r. <\/p>\n<p>Haziran 2023&#8217;te 2. Devlet S\u0131nav\u0131&#8217;n\u0131 ba\u015far\u0131yla ge\u00e7mi\u015ftir. A\u011fustos 2023&#8217;ten beri avukat olarak ruhsatl\u0131d\u0131r ve Ekim 2023&#8217;ten beri b\u00fcromuzda i\u015fbirli\u011fi orta\u011f\u0131 olarak g\u00f6rev yapmaktad\u0131r. <\/p>\n<p>Bayan G\u00fcldane \u015een, Almanca, T\u00fcrk\u00e7e ve \u0130ngilizce dillerinde yaz\u0131\u015fma yapmaktad\u0131r.<\/p>\n<p>Avukatl\u0131k mesle\u011finin yan\u0131 s\u0131ra, Bayan G\u00fcldane \u015een sanata ilgi duymakta ve tuval \u00fczerine resim yapmaktan ho\u015flanmaktad\u0131r. Ayr\u0131ca, a\u011f\u0131rl\u0131k antrenmanlar\u0131 yaparak enerji atmaktad\u0131r.[\/vc_column_text][vc_empty_space height=&#8221;17&#8243;][vc_custom_heading text=&#8221;Bana Ula\u015f\u0131n&#8221; font_container=&#8221;tag:h2|font_size:1.65em|text_align:left|line_height:24px&#8221; use_theme_fonts=&#8221;yes&#8221; font_weight=&#8221;700&#8243; letter_spacing=&#8221;-0.05em&#8221; el_class=&#8221;mb-2 font-style-normal&#8221;][vc_empty_space height=&#8221;17&#8243;][vc_row_inner][vc_column_inner]<a aria-label=\"Telefon\" class=\"porto-sicon-box-link\" href=\"#\"><div class=\"porto-sicon-box  wpb_custom_860683fe6d5975d7b2cff563f7366f5c style_1 default-icon\"><div class=\"porto-sicon-default\"><div class=\"porto-just-icon-wrapper porto-icon none\" style=\"color:#1f4c3b;font-size:31px;\"><i class=\"Simple-Line-Icons-phone\"><\/i><\/div><\/div><div class=\"porto-sicon-header\"><h4 class=\"porto-sicon-title\" style=\"font-weight:700;font-size:1em;color:#212529;line-height:1;\">Telefon<\/h4><p style=\"line-height:1.6;color:#777777;\">089 \/ 189 313 40<\/p><\/div> <!-- header --><\/div><!-- porto-sicon-box --><\/a><a aria-label=\"E-posta Adresi\" class=\"porto-sicon-box-link\" href=\"#\"><div class=\"porto-sicon-box py-2 my-4  wpb_custom_860683fe6d5975d7b2cff563f7366f5c style_1 default-icon\"><div class=\"porto-sicon-default\"><div class=\"porto-just-icon-wrapper porto-icon none\" style=\"color:#1f4c3b;font-size:32px;\"><i class=\"Simple-Line-Icons-envelope\"><\/i><\/div><\/div><div class=\"porto-sicon-header\"><h4 class=\"porto-sicon-title\" style=\"font-weight:700;font-size:1em;color:#212529;line-height:1;\">E-posta Adresi<\/h4><p style=\"line-height:1.6;color:#777777;\">sen@sanas-legal.de<\/p><\/div> <!-- header --><\/div><!-- porto-sicon-box --><\/a><div class=\"porto-sicon-box  wpb_custom_860683fe6d5975d7b2cff563f7366f5c style_1 default-icon\"><div class=\"porto-sicon-default\"><div class=\"porto-just-icon-wrapper porto-icon none\" style=\"color:#1f4c3b;font-size:31px;\"><i class=\"Simple-Line-Icons-calendar\"><\/i><\/div><\/div><div class=\"porto-sicon-header\"><h4 class=\"porto-sicon-title\" style=\"font-weight:700;font-size:1em;color:#212529;line-height:1;\">Dan\u0131\u015fma Saatleri<\/h4><p style=\"line-height:1.6;color:#777777;\">Pzt - Cum: 09:00 - 17:45<\/p><\/div> <!-- header --><\/div><!-- porto-sicon-box -->[\/vc_column_inner][\/vc_row_inner]<div class=\"porto-u-icons mb-4\"><a class=\"porto-icon fab fa-facebook-f advanced\"  style=\"color:#333333;border-style:solid;border-color:#e7e7e7;border-width:1px;width:46px;height:46px;line-height:46px;border-radius:24px;font-size:15px;\" href=\"#\"><\/a><a class=\"porto-icon fab fa-twitter advanced\"  style=\"color:#333333;border-style:solid;border-color:#e7e7e7;border-width:1px;width:46px;height:46px;line-height:46px;border-radius:24px;font-size:15px;margin-right:2px;\" href=\"#\"><\/a><a class=\"porto-icon fab fa-linkedin-in advanced\"  style=\"color:#333333;border-style:solid;border-color:#e7e7e7;border-width:1px;width:46px;height:46px;line-height:46px;border-radius:24px;font-size:15px;margin-right:2px;\" href=\"#\"><\/a><\/div>[\/vc_column][\/vc_row]<\/p>\n<\/div>","protected":false},"featured_media":0,"menu_order":4,"template":"","member_cat":[64,68],"class_list":["post-1399","member","type-member","status-publish","hentry","member_cat-is-birligi-yapan-avukatlar","member_cat-muenih-tuerkiye-baskonsoloslugu-gueven-avukatlari"],"acf":[],"_links":{"self":[{"href":"https:\/\/sanas-legal.de\/tr\/wp-json\/wp\/v2\/member\/1399","targetHints":{"allow":["GET"]}}],"collection":[{"href":"https:\/\/sanas-legal.de\/tr\/wp-json\/wp\/v2\/member"}],"about":[{"href":"https:\/\/sanas-legal.de\/tr\/wp-json\/wp\/v2\/types\/member"}],"wp:attachment":[{"href":"https:\/\/sanas-legal.de\/tr\/wp-json\/wp\/v2\/media?parent=1399"}],"wp:term":[{"taxonomy":"member_cat","embeddable":true,"href":"https:\/\/sanas-legal.de\/tr\/wp-json\/wp\/v2\/member_cat?post=1399"}],"curies":[{"name":"wp","href":"https:\/\/api.w.org\/{rel}","templated":true}]}}

Güldane Şen

<div class="wpb-content-wrapper"><p>[vc_row css=&#8221;.vc_custom_1608603959337{margin-top: 45px !important;margin-bottom: 30px !important;}&#8221;][vc_column animation_delay=&#8221;200&#8243; offset=&#8221;vc_col-md-4&#8243; el_class=&#8221;pb-4 pb-lg-0 contact-info&#8221; animation_type=&#8221;fadeInUp&#8221;]<div class="porto-ultimate-content-box-container custom-box-shadow pb-5 mb-5"><style>.porto_ucb_21b6bf01188be9ba0119a2cb5c097588{will-change: box-shadow;box-shadow: none;}.porto_ucb_21b6bf01188be9ba0119a2cb5c097588:hover{box-shadow:none}</style><div class="porto-ultimate-content-box porto_ucb_21b6bf01188be9ba0119a2cb5c097588" style="">[vc_single_image image=&#8221;1401&#8243; img_size=&#8221;400&#215;400&#8243; alignment=&#8221;center&#8221; css=&#8221;.vc_custom_1715067837641{background-color: #f4f4f4 !important;}&#8221;][vc_custom_heading text=&#8221;Güldane Şen&#8221; font_container=&#8221;tag:h3|font_size:1.5em|text_align:center|line_height:1&#8243; use_theme_fonts=&#8221;yes&#8221; text_transform=&#8221;text-capitalize&#8221; font_weight=&#8221;600&#8243; letter_spacing=&#8221;-0.05em&#8221; el_class=&#8221;px-4 mb-1&#8243;][vc_custom_heading text=&#8221;Avukat&#8221; font_container=&#8221;tag:p|text_align:center|color:%23969696&#8243; use_theme_fonts=&#8221;yes&#8221; text_transform=&#8221;text-uppercase&#8221; letter_spacing=&#8221;2.5px&#8221; el_class=&#8221;px-4 mb-3&#8243;]</div></div>[vc_separator color=&#8221;custom&#8221; style=&#8221;solid&#8221; el_class=&#8221;mb-4&#8243;][/vc_column][vc_column animation_delay=&#8221;400&#8243; offset=&#8221;vc_col-md-8&#8243; animation_type=&#8221;fadeInUp&#8221;][vc_custom_heading text=&#8221;Uzmanlık Alanları&#8221; font_container=&#8221;tag:h2|font_size:1.65em|text_align:left|line_height:24px&#8221; use_theme_fonts=&#8221;yes&#8221; font_weight=&#8221;700&#8243; letter_spacing=&#8221;-0.05em&#8221; el_class=&#8221;mb-2 font-style-normal&#8221;][vc_column_text]</p>
<ul class="custom_list bullet_6">
<li>Nitelikli işgücü göçü ve ortaklık hukuku odaklı yabancılar hukuku</li>
<li>Vergi Hukuku</li>
<li>İş Hukuku</li>
<li>Genel Medeni Hukuk</li>
<li>Trafik Hukuku (örn. trafik kazası işlemleri)</li>
<li>Kabahatler Hukuku</li>
</ul>
<p>[/vc_column_text][vc_custom_heading text=&#8221;Üyelikler&#8221; font_container=&#8221;tag:h2|font_size:1.65em|text_align:left|line_height:24px&#8221; use_theme_fonts=&#8221;yes&#8221; font_weight=&#8221;700&#8243; letter_spacing=&#8221;-0.05em&#8221; el_class=&#8221;mb-2 font-style-normal&#8221;][vc_column_text]Münih Barosu[/vc_column_text][vc_custom_heading text=&#8221;Özgeçmiş / Bilgiler&#8221; font_container=&#8221;tag:h2|font_size:1.65em|text_align:left|line_height:24px&#8221; use_theme_fonts=&#8221;yes&#8221; font_weight=&#8221;700&#8243; letter_spacing=&#8221;-0.05em&#8221; el_class=&#8221;mb-2 font-style-normal&#8221;][vc_column_text]Güldane Şen, evlilik öncesi soyadı Altınalan, 1990 yılında Münih&#8217;te doğmuş ve büyümüştür. </p>
<p>Bayan Şen, başlangıçta sigorta ve finans alanında eğitimini tamamlamıştır. Bu süreçte yasalara olan tutkusunu keşfetmiş ve ardından hukuk eğitimine başlamıştır. Buna paralel olarak, Türk lisesini dışarıdan bitirmiştir.  </p>
<p>LMU Münih&#8217;te hukuk eğitimi almış ve 2020 yılında 1. Devlet Sınavı&#8217;nı tamamlamıştır. Eğitimi sırasında Bayan Şen, Beck Yayınevi&#8217;nde yabancılar ve telif hakları hukuku alanında bilimsel asistan olarak çalışmıştır. </p>
<p>Bayan Şen, stajını Münih Yüksek Bölge Mahkemesi (OLG) bölgesinde yapmıştır. Stajı sırasında avukatlık mesleğine ilgi duyduğu için stajını büromuzda tamamlamıştır. </p>
<p>Haziran 2023&#8217;te 2. Devlet Sınavı&#8217;nı başarıyla geçmiştir. Ağustos 2023&#8217;ten beri avukat olarak ruhsatlıdır ve Ekim 2023&#8217;ten beri büromuzda işbirliği ortağı olarak görev yapmaktadır. </p>
<p>Bayan Güldane Şen, Almanca, Türkçe ve İngilizce dillerinde yazışma yapmaktadır.</p>
<p>Avukatlık mesleğinin yanı sıra, Bayan Güldane Şen sanata ilgi duymakta ve tuval üzerine resim yapmaktan hoşlanmaktadır. Ayrıca, ağırlık antrenmanları yaparak enerji atmaktadır.[/vc_column_text][vc_empty_space height=&#8221;17&#8243;][vc_custom_heading text=&#8221;Bana Ulaşın&#8221; font_container=&#8221;tag:h2|font_size:1.65em|text_align:left|line_height:24px&#8221; use_theme_fonts=&#8221;yes&#8221; font_weight=&#8221;700&#8243; letter_spacing=&#8221;-0.05em&#8221; el_class=&#8221;mb-2 font-style-normal&#8221;][vc_empty_space height=&#8221;17&#8243;][vc_row_inner][vc_column_inner]<a aria-label="Telefon" class="porto-sicon-box-link" href="#"><div class="porto-sicon-box  wpb_custom_860683fe6d5975d7b2cff563f7366f5c style_1 default-icon"><div class="porto-sicon-default"><div class="porto-just-icon-wrapper porto-icon none" style="color:#1f4c3b;font-size:31px;"><i class="Simple-Line-Icons-phone"></i></div></div><div class="porto-sicon-header"><h4 class="porto-sicon-title" style="font-weight:700;font-size:1em;color:#212529;line-height:1;">Telefon</h4><p style="line-height:1.6;color:#777777;">089 / 189 313 40</p></div> <!-- header --></div><!-- porto-sicon-box --></a><a aria-label="E-posta Adresi" class="porto-sicon-box-link" href="#"><div class="porto-sicon-box py-2 my-4  wpb_custom_860683fe6d5975d7b2cff563f7366f5c style_1 default-icon"><div class="porto-sicon-default"><div class="porto-just-icon-wrapper porto-icon none" style="color:#1f4c3b;font-size:32px;"><i class="Simple-Line-Icons-envelope"></i></div></div><div class="porto-sicon-header"><h4 class="porto-sicon-title" style="font-weight:700;font-size:1em;color:#212529;line-height:1;">E-posta Adresi</h4><p style="line-height:1.6;color:#777777;">sen@sanas-legal.de</p></div> <!-- header --></div><!-- porto-sicon-box --></a><div class="porto-sicon-box  wpb_custom_860683fe6d5975d7b2cff563f7366f5c style_1 default-icon"><div class="porto-sicon-default"><div class="porto-just-icon-wrapper porto-icon none" style="color:#1f4c3b;font-size:31px;"><i class="Simple-Line-Icons-calendar"></i></div></div><div class="porto-sicon-header"><h4 class="porto-sicon-title" style="font-weight:700;font-size:1em;color:#212529;line-height:1;">Danışma Saatleri</h4><p style="line-height:1.6;color:#777777;">Pzt - Cum: 09:00 - 17:45</p></div> <!-- header --></div><!-- porto-sicon-box -->[/vc_column_inner][/vc_row_inner]<div class="porto-u-icons mb-4"><a class="porto-icon fab fa-facebook-f advanced"  style="color:#333333;border-style:solid;border-color:#e7e7e7;border-width:1px;width:46px;height:46px;line-height:46px;border-radius:24px;font-size:15px;" href="#"></a><a class="porto-icon fab fa-twitter advanced"  style="color:#333333;border-style:solid;border-color:#e7e7e7;border-width:1px;width:46px;height:46px;line-height:46px;border-radius:24px;font-size:15px;margin-right:2px;" href="#"></a><a class="porto-icon fab fa-linkedin-in advanced"  style="color:#333333;border-style:solid;border-color:#e7e7e7;border-width:1px;width:46px;height:46px;line-height:46px;border-radius:24px;font-size:15px;margin-right:2px;" href="#"></a></div>[/vc_column][/vc_row]</p>
</div>
