{"id":1429,"date":"2024-02-23T02:46:04","date_gmt":"2024-02-23T01:46:04","guid":{"rendered":"https:\/\/sanas-legal.de\/member\/oezguer-aktas\/"},"modified":"2026-02-28T12:28:13","modified_gmt":"2026-02-28T11:28:13","slug":"oezguer-aktas","status":"publish","type":"member","link":"https:\/\/sanas-legal.de\/tr\/member\/oezguer-aktas\/","title":{"rendered":"\u00d6zg\u00fcr Akta\u015f"},"content":{"rendered":"<div class=\"wpb-content-wrapper\"><p>[vc_row css=&#8221;.vc_custom_1608603959337{margin-top: 45px !important;margin-bottom: 30px !important;}&#8221;][vc_column animation_delay=&#8221;200&#8243; offset=&#8221;vc_col-md-4&#8243; el_class=&#8221;pb-4 pb-lg-0 contact-info&#8221; animation_type=&#8221;fadeInUp&#8221;]<div class=\"porto-ultimate-content-box-container custom-box-shadow pb-5 mb-5\"><style>.porto_ucb_21b6bf01188be9ba0119a2cb5c097588{will-change: box-shadow;box-shadow: none;}.porto_ucb_21b6bf01188be9ba0119a2cb5c097588:hover{box-shadow:none}<\/style><div class=\"porto-ultimate-content-box porto_ucb_21b6bf01188be9ba0119a2cb5c097588\" style=\"\">[vc_single_image image=&#8221;1431&#8243; img_size=&#8221;500&#215;500&#8243; alignment=&#8221;center&#8221; css=&#8221;.vc_custom_1715067953210{background-color: #f4f4f4 !important;}&#8221;][vc_custom_heading text=&#8221;\u00d6zg\u00fcr Akta\u015f&#8221; font_container=&#8221;tag:h3|font_size:1.5em|text_align:center|line_height:1&#8243; use_theme_fonts=&#8221;yes&#8221; text_transform=&#8221;text-capitalize&#8221; font_weight=&#8221;600&#8243; letter_spacing=&#8221;-0.05em&#8221; el_class=&#8221;px-4 mb-1&#8243;][vc_custom_heading text=&#8221;Aile Hukuku Uzman Avukat\u0131&#8221; font_container=&#8221;tag:p|text_align:center|color:%23969696&#8243; use_theme_fonts=&#8221;yes&#8221; text_transform=&#8221;text-uppercase&#8221; letter_spacing=&#8221;2.5px&#8221; el_class=&#8221;px-4 mb-3&#8243;]<\/div><\/div>[vc_separator color=&#8221;custom&#8221; style=&#8221;solid&#8221; el_class=&#8221;mb-4&#8243;][\/vc_column][vc_column animation_delay=&#8221;400&#8243; offset=&#8221;vc_col-md-8&#8243; animation_type=&#8221;fadeInUp&#8221;][vc_custom_heading text=&#8221;Uzmanl\u0131k Alanlar\u0131&#8221; font_container=&#8221;tag:h2|font_size:1.65em|text_align:left|line_height:24px&#8221; use_theme_fonts=&#8221;yes&#8221; font_weight=&#8221;700&#8243; letter_spacing=&#8221;-0.05em&#8221; el_class=&#8221;mb-2 font-style-normal&#8221;][vc_column_text]<\/p>\n<ul class=\"custom_list bullet_6\">\n<li>Genel Medeni Hukuk<\/li>\n<li>Aile Hukuku<\/li>\n<li>Trafik Hukuku (\u00f6rn. trafik kazalar\u0131n\u0131n takibi)<\/li>\n<\/ul>\n<p>[\/vc_column_text][vc_custom_heading text=&#8221;\u00dcyelikler&#8221; font_container=&#8221;tag:h2|font_size:1.65em|text_align:left|line_height:24px&#8221; use_theme_fonts=&#8221;yes&#8221; font_weight=&#8221;700&#8243; letter_spacing=&#8221;-0.05em&#8221; el_class=&#8221;mb-2 font-style-normal&#8221;][vc_column_text]M\u00fcnih Barosu, Alman Avukatlar Birli\u011fi, M\u00fcnih Avukatlar Birli\u011fi, Gen\u00e7 Avukatlar Forumu, Alman-T\u00fcrk Hukuk\u00e7ular Derne\u011fi[\/vc_column_text][vc_custom_heading text=&#8221;\u00d6zge\u00e7mi\u015f \/ Bilgiler&#8221; font_container=&#8221;tag:h2|font_size:1.65em|text_align:left|line_height:24px&#8221; use_theme_fonts=&#8221;yes&#8221; font_weight=&#8221;700&#8243; letter_spacing=&#8221;-0.05em&#8221; el_class=&#8221;mb-2 font-style-normal&#8221;][vc_column_text css=&#8221;&#8221;]Avukat \u00d6zg\u00fcr Akta\u015f, SANAS Rechtsanw\u00e4lte b\u00fcrosunun kurucu orta\u011f\u0131d\u0131r.<\/p>\n<p>05.09.1977 tarihinde M\u00fcnih&#8217;te do\u011fmu\u015ftur.<\/p>\n<p>M\u00fcnih&#8217;te lise diplomas\u0131n\u0131 ald\u0131ktan sonra, Akta\u015f LMU M\u00fcnih&#8217;te hukuk okumu\u015f ve 2005 y\u0131l\u0131nda 1. Devlet S\u0131nav\u0131 ile e\u011fitimini tamamlam\u0131\u015ft\u0131r.<\/p>\n<p>Avukat \u00d6zg\u00fcr Akta\u015f, 2007 y\u0131l\u0131nda 2. Devlet S\u0131nav\u0131 ile tamamlad\u0131\u011f\u0131 staj d\u00f6nemini M\u00fcnih B\u00f6lge Y\u00fcksek Mahkemesi b\u00f6lgesinde yapm\u0131\u015ft\u0131r. Se\u00e7meli staj d\u00f6neminde Akta\u015f, aile hukuku alan\u0131nda sayg\u0131n bir M\u00fcnih avukatl\u0131k b\u00fcrosunda \u00e7al\u0131\u015fm\u0131\u015f ve aile hukuku alan\u0131nda de\u011ferli deneyimler kazanm\u0131\u015ft\u0131r. <\/p>\n<p>Ard\u0131ndan 2007 y\u0131l\u0131nda &#8220;SAS Rechtsanw\u00e4lte&#8221; b\u00fcrosunu kurmu\u015f; daha sonra meslekta\u015flar\u0131 Dr. Temel Nal ve Serdal Altunta\u015f ile bir araya gelerek &#8220;SANAS Rechtsanw\u00e4lte&#8221; b\u00fcrosu olu\u015fturulmu\u015ftur.<\/p>\n<p>Akta\u015f, b\u00fcromuzda a\u011f\u0131rl\u0131kl\u0131 olarak Genel Medeni Hukuk, Aile Hukuku ve Trafik Hukuku alanlar\u0131nda hizmet vermektedir.<\/p>\n<p>Aile Hukuku ve Trafik Hukuku Uzman Avukat\u0131d\u0131r.<\/p>\n<p>Akta\u015f, Almanca, T\u00fcrk\u00e7e ve \u0130ngilizce dillerinde ileti\u015fim kurmaktad\u0131r.<\/p>\n<p>Avukatl\u0131k mesle\u011finin yan\u0131 s\u0131ra \u00d6zg\u00fcr Akta\u015f, siyaset, m\u00fczik, sinema ve sporla ilgilenmektedir.[\/vc_column_text][vc_empty_space height=&#8221;17&#8243;][vc_custom_heading text=&#8221;Benimle \u0130leti\u015fime Ge\u00e7in&#8221; font_container=&#8221;tag:h2|font_size:1.65em|text_align:left|line_height:24px&#8221; use_theme_fonts=&#8221;yes&#8221; font_weight=&#8221;700&#8243; letter_spacing=&#8221;-0.05em&#8221; el_class=&#8221;mb-2 font-style-normal&#8221;][vc_empty_space height=&#8221;17&#8243;][vc_row_inner][vc_column_inner]<a aria-label=\"Telefon\" class=\"porto-sicon-box-link\" href=\"#\"><div class=\"porto-sicon-box  wpb_custom_860683fe6d5975d7b2cff563f7366f5c style_1 default-icon\"><div class=\"porto-sicon-default\"><div class=\"porto-just-icon-wrapper porto-icon none\" style=\"color:#1f4c3b;font-size:31px;\"><i class=\"Simple-Line-Icons-phone\"><\/i><\/div><\/div><div class=\"porto-sicon-header\"><h4 class=\"porto-sicon-title\" style=\"font-weight:700;font-size:1em;color:#212529;line-height:1;\">Telefon<\/h4><p style=\"line-height:1.6;color:#777777;\">089 \/ 189 313 40<\/p><\/div> <!-- header --><\/div><!-- porto-sicon-box --><\/a><a aria-label=\"E-posta Adresi\" class=\"porto-sicon-box-link\" href=\"#\"><div class=\"porto-sicon-box py-2 my-4  wpb_custom_860683fe6d5975d7b2cff563f7366f5c style_1 default-icon\"><div class=\"porto-sicon-default\"><div class=\"porto-just-icon-wrapper porto-icon none\" style=\"color:#1f4c3b;font-size:32px;\"><i class=\"Simple-Line-Icons-envelope\"><\/i><\/div><\/div><div class=\"porto-sicon-header\"><h4 class=\"porto-sicon-title\" style=\"font-weight:700;font-size:1em;color:#212529;line-height:1;\">E-posta Adresi<\/h4><p style=\"line-height:1.6;color:#777777;\">aktas@sanas-legal.de<\/p><\/div> <!-- header --><\/div><!-- porto-sicon-box --><\/a><div class=\"porto-sicon-box  wpb_custom_860683fe6d5975d7b2cff563f7366f5c style_1 default-icon\"><div class=\"porto-sicon-default\"><div class=\"porto-just-icon-wrapper porto-icon none\" style=\"color:#1f4c3b;font-size:31px;\"><i class=\"Simple-Line-Icons-calendar\"><\/i><\/div><\/div><div class=\"porto-sicon-header\"><h4 class=\"porto-sicon-title\" style=\"font-weight:700;font-size:1em;color:#212529;line-height:1;\">Dan\u0131\u015fma Saatleri<\/h4><p style=\"line-height:1.6;color:#777777;\">Pzt - Cum: 09.00 - 18.00 aras\u0131<\/p><\/div> <!-- header --><\/div><!-- porto-sicon-box -->[\/vc_column_inner][\/vc_row_inner]<div class=\"porto-u-icons mb-4\"><a class=\"porto-icon fab fa-facebook-f advanced\"  style=\"color:#333333;border-style:solid;border-color:#e7e7e7;border-width:1px;width:46px;height:46px;line-height:46px;border-radius:24px;font-size:15px;\" href=\"#\"><\/a><a class=\"porto-icon fab fa-twitter advanced\"  style=\"color:#333333;border-style:solid;border-color:#e7e7e7;border-width:1px;width:46px;height:46px;line-height:46px;border-radius:24px;font-size:15px;margin-right:2px;\" href=\"#\"><\/a><a class=\"porto-icon fab fa-linkedin-in advanced\"  style=\"color:#333333;border-style:solid;border-color:#e7e7e7;border-width:1px;width:46px;height:46px;line-height:46px;border-radius:24px;font-size:15px;margin-right:2px;\" href=\"#\"><\/a><\/div>[\/vc_column][\/vc_row]<\/p>\n<\/div>","protected":false},"featured_media":0,"menu_order":2,"template":"","member_cat":[69],"class_list":["post-1429","member","type-member","status-publish","hentry","member_cat-ortak"],"acf":[],"_links":{"self":[{"href":"https:\/\/sanas-legal.de\/tr\/wp-json\/wp\/v2\/member\/1429","targetHints":{"allow":["GET"]}}],"collection":[{"href":"https:\/\/sanas-legal.de\/tr\/wp-json\/wp\/v2\/member"}],"about":[{"href":"https:\/\/sanas-legal.de\/tr\/wp-json\/wp\/v2\/types\/member"}],"wp:attachment":[{"href":"https:\/\/sanas-legal.de\/tr\/wp-json\/wp\/v2\/media?parent=1429"}],"wp:term":[{"taxonomy":"member_cat","embeddable":true,"href":"https:\/\/sanas-legal.de\/tr\/wp-json\/wp\/v2\/member_cat?post=1429"}],"curies":[{"name":"wp","href":"https:\/\/api.w.org\/{rel}","templated":true}]}}

Özgür Aktaş

<div class="wpb-content-wrapper"><p>[vc_row css=&#8221;.vc_custom_1608603959337{margin-top: 45px !important;margin-bottom: 30px !important;}&#8221;][vc_column animation_delay=&#8221;200&#8243; offset=&#8221;vc_col-md-4&#8243; el_class=&#8221;pb-4 pb-lg-0 contact-info&#8221; animation_type=&#8221;fadeInUp&#8221;]<div class="porto-ultimate-content-box-container custom-box-shadow pb-5 mb-5"><style>.porto_ucb_21b6bf01188be9ba0119a2cb5c097588{will-change: box-shadow;box-shadow: none;}.porto_ucb_21b6bf01188be9ba0119a2cb5c097588:hover{box-shadow:none}</style><div class="porto-ultimate-content-box porto_ucb_21b6bf01188be9ba0119a2cb5c097588" style="">[vc_single_image image=&#8221;1431&#8243; img_size=&#8221;500&#215;500&#8243; alignment=&#8221;center&#8221; css=&#8221;.vc_custom_1715067953210{background-color: #f4f4f4 !important;}&#8221;][vc_custom_heading text=&#8221;Özgür Aktaş&#8221; font_container=&#8221;tag:h3|font_size:1.5em|text_align:center|line_height:1&#8243; use_theme_fonts=&#8221;yes&#8221; text_transform=&#8221;text-capitalize&#8221; font_weight=&#8221;600&#8243; letter_spacing=&#8221;-0.05em&#8221; el_class=&#8221;px-4 mb-1&#8243;][vc_custom_heading text=&#8221;Aile Hukuku Uzman Avukatı&#8221; font_container=&#8221;tag:p|text_align:center|color:%23969696&#8243; use_theme_fonts=&#8221;yes&#8221; text_transform=&#8221;text-uppercase&#8221; letter_spacing=&#8221;2.5px&#8221; el_class=&#8221;px-4 mb-3&#8243;]</div></div>[vc_separator color=&#8221;custom&#8221; style=&#8221;solid&#8221; el_class=&#8221;mb-4&#8243;][/vc_column][vc_column animation_delay=&#8221;400&#8243; offset=&#8221;vc_col-md-8&#8243; animation_type=&#8221;fadeInUp&#8221;][vc_custom_heading text=&#8221;Uzmanlık Alanları&#8221; font_container=&#8221;tag:h2|font_size:1.65em|text_align:left|line_height:24px&#8221; use_theme_fonts=&#8221;yes&#8221; font_weight=&#8221;700&#8243; letter_spacing=&#8221;-0.05em&#8221; el_class=&#8221;mb-2 font-style-normal&#8221;][vc_column_text]</p>
<ul class="custom_list bullet_6">
<li>Genel Medeni Hukuk</li>
<li>Aile Hukuku</li>
<li>Trafik Hukuku (örn. trafik kazalarının takibi)</li>
</ul>
<p>[/vc_column_text][vc_custom_heading text=&#8221;Üyelikler&#8221; font_container=&#8221;tag:h2|font_size:1.65em|text_align:left|line_height:24px&#8221; use_theme_fonts=&#8221;yes&#8221; font_weight=&#8221;700&#8243; letter_spacing=&#8221;-0.05em&#8221; el_class=&#8221;mb-2 font-style-normal&#8221;][vc_column_text]Münih Barosu, Alman Avukatlar Birliği, Münih Avukatlar Birliği, Genç Avukatlar Forumu, Alman-Türk Hukukçular Derneği[/vc_column_text][vc_custom_heading text=&#8221;Özgeçmiş / Bilgiler&#8221; font_container=&#8221;tag:h2|font_size:1.65em|text_align:left|line_height:24px&#8221; use_theme_fonts=&#8221;yes&#8221; font_weight=&#8221;700&#8243; letter_spacing=&#8221;-0.05em&#8221; el_class=&#8221;mb-2 font-style-normal&#8221;][vc_column_text css=&#8221;&#8221;]Avukat Özgür Aktaş, SANAS Rechtsanwälte bürosunun kurucu ortağıdır.</p>
<p>05.09.1977 tarihinde Münih&#8217;te doğmuştur.</p>
<p>Münih&#8217;te lise diplomasını aldıktan sonra, Aktaş LMU Münih&#8217;te hukuk okumuş ve 2005 yılında 1. Devlet Sınavı ile eğitimini tamamlamıştır.</p>
<p>Avukat Özgür Aktaş, 2007 yılında 2. Devlet Sınavı ile tamamladığı staj dönemini Münih Bölge Yüksek Mahkemesi bölgesinde yapmıştır. Seçmeli staj döneminde Aktaş, aile hukuku alanında saygın bir Münih avukatlık bürosunda çalışmış ve aile hukuku alanında değerli deneyimler kazanmıştır. </p>
<p>Ardından 2007 yılında &#8220;SAS Rechtsanwälte&#8221; bürosunu kurmuş; daha sonra meslektaşları Dr. Temel Nal ve Serdal Altuntaş ile bir araya gelerek &#8220;SANAS Rechtsanwälte&#8221; bürosu oluşturulmuştur.</p>
<p>Aktaş, büromuzda ağırlıklı olarak Genel Medeni Hukuk, Aile Hukuku ve Trafik Hukuku alanlarında hizmet vermektedir.</p>
<p>Aile Hukuku ve Trafik Hukuku Uzman Avukatıdır.</p>
<p>Aktaş, Almanca, Türkçe ve İngilizce dillerinde iletişim kurmaktadır.</p>
<p>Avukatlık mesleğinin yanı sıra Özgür Aktaş, siyaset, müzik, sinema ve sporla ilgilenmektedir.[/vc_column_text][vc_empty_space height=&#8221;17&#8243;][vc_custom_heading text=&#8221;Benimle İletişime Geçin&#8221; font_container=&#8221;tag:h2|font_size:1.65em|text_align:left|line_height:24px&#8221; use_theme_fonts=&#8221;yes&#8221; font_weight=&#8221;700&#8243; letter_spacing=&#8221;-0.05em&#8221; el_class=&#8221;mb-2 font-style-normal&#8221;][vc_empty_space height=&#8221;17&#8243;][vc_row_inner][vc_column_inner]<a aria-label="Telefon" class="porto-sicon-box-link" href="#"><div class="porto-sicon-box  wpb_custom_860683fe6d5975d7b2cff563f7366f5c style_1 default-icon"><div class="porto-sicon-default"><div class="porto-just-icon-wrapper porto-icon none" style="color:#1f4c3b;font-size:31px;"><i class="Simple-Line-Icons-phone"></i></div></div><div class="porto-sicon-header"><h4 class="porto-sicon-title" style="font-weight:700;font-size:1em;color:#212529;line-height:1;">Telefon</h4><p style="line-height:1.6;color:#777777;">089 / 189 313 40</p></div> <!-- header --></div><!-- porto-sicon-box --></a><a aria-label="E-posta Adresi" class="porto-sicon-box-link" href="#"><div class="porto-sicon-box py-2 my-4  wpb_custom_860683fe6d5975d7b2cff563f7366f5c style_1 default-icon"><div class="porto-sicon-default"><div class="porto-just-icon-wrapper porto-icon none" style="color:#1f4c3b;font-size:32px;"><i class="Simple-Line-Icons-envelope"></i></div></div><div class="porto-sicon-header"><h4 class="porto-sicon-title" style="font-weight:700;font-size:1em;color:#212529;line-height:1;">E-posta Adresi</h4><p style="line-height:1.6;color:#777777;">aktas@sanas-legal.de</p></div> <!-- header --></div><!-- porto-sicon-box --></a><div class="porto-sicon-box  wpb_custom_860683fe6d5975d7b2cff563f7366f5c style_1 default-icon"><div class="porto-sicon-default"><div class="porto-just-icon-wrapper porto-icon none" style="color:#1f4c3b;font-size:31px;"><i class="Simple-Line-Icons-calendar"></i></div></div><div class="porto-sicon-header"><h4 class="porto-sicon-title" style="font-weight:700;font-size:1em;color:#212529;line-height:1;">Danışma Saatleri</h4><p style="line-height:1.6;color:#777777;">Pzt - Cum: 09.00 - 18.00 arası</p></div> <!-- header --></div><!-- porto-sicon-box -->[/vc_column_inner][/vc_row_inner]<div class="porto-u-icons mb-4"><a class="porto-icon fab fa-facebook-f advanced"  style="color:#333333;border-style:solid;border-color:#e7e7e7;border-width:1px;width:46px;height:46px;line-height:46px;border-radius:24px;font-size:15px;" href="#"></a><a class="porto-icon fab fa-twitter advanced"  style="color:#333333;border-style:solid;border-color:#e7e7e7;border-width:1px;width:46px;height:46px;line-height:46px;border-radius:24px;font-size:15px;margin-right:2px;" href="#"></a><a class="porto-icon fab fa-linkedin-in advanced"  style="color:#333333;border-style:solid;border-color:#e7e7e7;border-width:1px;width:46px;height:46px;line-height:46px;border-radius:24px;font-size:15px;margin-right:2px;" href="#"></a></div>[/vc_column][/vc_row]</p>
</div>
